{"id":14842,"date":"2026-01-22T19:14:56","date_gmt":"2026-01-22T19:14:56","guid":{"rendered":"https:\/\/nutrifitmax.co\/?post_type=product&#038;p=14842"},"modified":"2026-03-18T21:07:40","modified_gmt":"2026-03-18T21:07:40","slug":"proteina-whey-pure-2-lb-y-smart-burner-200-gr","status":"publish","type":"product","link":"https:\/\/nutrifitmax.co\/index.php\/product\/proteina-whey-pure-2-lb-y-smart-burner-200-gr\/","title":{"rendered":"PROTEINA WHEY PURE 2 LB Y SMART BURNER 200 GR"},"content":{"rendered":"<p>DESCRIPCION<\/p>\n<p>Este combo incluye prote\u00edna de 2 lb + Quemador smart burner 200 gr<\/p>\n<ol>\n<li dir=\"ltr\"><strong>WHEY PURE 2 LB<\/strong><\/li>\n<\/ol>\n<p dir=\"ltr\">Disfruta una prote\u00edna de suero de leche concentrada de alta pureza, desarrollada para quienes buscan lo esencial: calidad, sabor y confianza en lo que consumen.<\/p>\n<p dir=\"ltr\"><strong>Whey Pure<\/strong>\u00a0est\u00e1 formulada con\u00a0<strong>prote\u00edna concentrada de Glanbia Nutritionals<\/strong>, una reconocida compa\u00f1\u00eda de nutrici\u00f3n con sede en\u00a0<strong>Irlanda<\/strong>, l\u00edder mundial en ingredientes de alta calidad. Esta prote\u00edna importada garantiza pureza, solubilidad y un perfil nutricional superior.<\/p>\n<p dir=\"ltr\">Adem\u00e1s,\u00a0<strong>est\u00e1\u00a0<\/strong><strong>endulzada con Splenda\u00ae<\/strong>, lo que significa que\u00a0<strong>no contiene az\u00facar a\u00f1adida<\/strong>, y se convierte en una excelente opci\u00f3n para quienes cuidan cada detalle de su alimentaci\u00f3n diaria.<\/p>\n<p dir=\"ltr\">Cada scoop ofrece\u00a0prote\u00edna\u00a0baja en grasa y carbohidratos, con una\u00a0textura cremosa\u00a0y un\u00a0sabor aut\u00e9ntico\u00a0que realmente vas a disfrutar.<\/p>\n<p>Potencia tus resultados con lo esencial<br \/>\nPresentaci\u00f3n:\u00a0 2 lb<\/p>\n<p><b><strong>REGISTRO INVIMA no: rsa-0036792-2025<\/strong><\/b><\/p>\n<p>&nbsp;<\/p>\n<p><strong>2. SMART BURNER 200 Gr<\/strong><\/p>\n<p dir=\"ltr\">SMART BURNER es una mezcla en polvo sabor durazno, desarrollada con una combinaci\u00f3n avanzada de\u00a0<strong>ingredientes funcionales<\/strong><strong>,\u00a0<\/strong>extractos bot\u00e1nicos y amino\u00e1cidos como<strong>\u00a0<\/strong><strong>inulina, L-Citrulina, t\u00e9 verde, cafe\u00edna e InnoSlim\u00ae<\/strong><strong>,\u00a0<\/strong>un ingrediente vegetal patentado con respaldo cient\u00edfico.<\/p>\n<p dir=\"ltr\">Su perfil es\u00a0<strong>bajo en calor\u00edas, sin az\u00facar a\u00f1adida y de r\u00e1pida disoluci\u00f3n<\/strong><strong>,<\/strong>\u00a0ideal para quienes buscan una bebida liviana, con buena funcionalidad, sin saturar el cuerpo ni el paladar.<\/p>\n<p dir=\"ltr\"><strong>Presentaci\u00f3n: 200 g<\/strong><\/p>\n<p><strong>REGISTRO INVIMA No: RSA-0025189-2023<\/strong><\/p>\n","protected":false},"excerpt":{"rendered":"<p>DESCRIPCION Este combo incluye prote\u00edna de 2 lb + Quemador smart burner 200 gr WHEY PURE 2 LB Disfruta una prote\u00edna de suero de leche concentrada de alta pureza, desarrollada para quienes buscan lo esencial: calidad, sabor y confianza en lo que consumen. Whey Pure\u00a0est\u00e1 formulada con\u00a0prote\u00edna concentrada de Glanbia Nutritionals, una reconocida compa\u00f1\u00eda de [&hellip;]<\/p>\n","protected":false},"featured_media":14828,"comment_status":"open","ping_status":"closed","template":"","meta":{"inline_featured_image":false},"product_brand":[],"product_cat":[110,125,85,86,88,92,106],"product_tag":[],"class_list":{"0":"post-14842","1":"product","2":"type-product","3":"status-publish","4":"has-post-thumbnail","6":"product_cat-caseinas","7":"product_cat-combos","8":"product_cat-definicion","9":"product_cat-marca","10":"product_cat-proteinas","11":"product_cat-quemadores-de-grasa","12":"product_cat-smart","14":"first","15":"instock","16":"sale","17":"taxable","18":"shipping-taxable","19":"purchasable","20":"product-type-simple","21":"ebbe-col"},"_links":{"self":[{"href":"https:\/\/nutrifitmax.co\/index.php\/wp-json\/wp\/v2\/product\/14842","targetHints":{"allow":["GET"]}}],"collection":[{"href":"https:\/\/nutrifitmax.co\/index.php\/wp-json\/wp\/v2\/product"}],"about":[{"href":"https:\/\/nutrifitmax.co\/index.php\/wp-json\/wp\/v2\/types\/product"}],"replies":[{"embeddable":true,"href":"https:\/\/nutrifitmax.co\/index.php\/wp-json\/wp\/v2\/comments?post=14842"}],"wp:featuredmedia":[{"embeddable":true,"href":"https:\/\/nutrifitmax.co\/index.php\/wp-json\/wp\/v2\/media\/14828"}],"wp:attachment":[{"href":"https:\/\/nutrifitmax.co\/index.php\/wp-json\/wp\/v2\/media?parent=14842"}],"wp:term":[{"taxonomy":"product_brand","embeddable":true,"href":"https:\/\/nutrifitmax.co\/index.php\/wp-json\/wp\/v2\/product_brand?post=14842"},{"taxonomy":"product_cat","embeddable":true,"href":"https:\/\/nutrifitmax.co\/index.php\/wp-json\/wp\/v2\/product_cat?post=14842"},{"taxonomy":"product_tag","embeddable":true,"href":"https:\/\/nutrifitmax.co\/index.php\/wp-json\/wp\/v2\/product_tag?post=14842"}],"curies":[{"name":"wp","href":"https:\/\/api.w.org\/{rel}","templated":true}]}}