{"id":14825,"date":"2026-01-22T18:05:11","date_gmt":"2026-01-22T18:05:11","guid":{"rendered":"https:\/\/nutrifitmax.co\/?post_type=product&#038;p=14825"},"modified":"2026-03-18T21:14:22","modified_gmt":"2026-03-18T21:14:22","slug":"combo-whey-pure-5-lb-mas-creatina-smart-atack","status":"publish","type":"product","link":"https:\/\/nutrifitmax.co\/index.php\/product\/combo-whey-pure-5-lb-mas-creatina-smart-atack\/","title":{"rendered":"COMBO WHEY PURE 5 LB VAINILLA + CREATINA SMART ATACK"},"content":{"rendered":"<p>DESCRIPCION<\/p>\n<p>Este combo incluye prote\u00edna de 5 lb + creatina smart atack<\/p>\n<ul>\n<li dir=\"ltr\">WHEY PURE 5 LB<\/li>\n<\/ul>\n<p dir=\"ltr\">Disfruta una prote\u00edna de suero de leche concentrada de alta pureza, desarrollada para quienes buscan lo esencial: calidad, sabor y confianza en lo que consumen.<\/p>\n<p dir=\"ltr\"><strong>Whey Pure<\/strong>\u00a0est\u00e1 formulada con\u00a0<strong>prote\u00edna concentrada de Glanbia Nutritionals<\/strong>, una reconocida compa\u00f1\u00eda de nutrici\u00f3n con sede en\u00a0<strong>Irlanda<\/strong>, l\u00edder mundial en ingredientes de alta calidad. Esta prote\u00edna importada garantiza pureza, solubilidad y un perfil nutricional superior.<\/p>\n<p dir=\"ltr\">Adem\u00e1s,\u00a0<strong>est\u00e1\u00a0<\/strong><strong>endulzada con Splenda\u00ae<\/strong>, lo que significa que\u00a0<strong>no contiene az\u00facar a\u00f1adida<\/strong>, y se convierte en una excelente opci\u00f3n para quienes cuidan cada detalle de su alimentaci\u00f3n diaria.<\/p>\n<p dir=\"ltr\">Cada scoop ofrece\u00a0prote\u00edna\u00a0baja en grasa y carbohidratos, con una\u00a0textura cremosa\u00a0y un\u00a0sabor aut\u00e9ntico\u00a0que realmente vas a disfrutar.<\/p>\n<p style=\"font-weight: 400;\">Potencia tus resultados con lo esencial<br \/>\nPresentaci\u00f3n: 2270g \/ 5 lb<\/p>\n<p style=\"font-weight: 400;\"><b><strong>REGISTRO INVIMA no: rsa-0036792-2025<\/strong><\/b><\/p>\n<p>&nbsp;<\/p>\n<ul>\n<li dir=\"ltr\">SMART A-TACK HCL combina\u00a0<strong>creatina HCL<\/strong>\u00a0de alta pureza con BCAA, beta-alanina, L-citrulina, taurina y glutamina, junto al extracto vegetal patentado\u00a0<strong>AstraGin\u00ae<\/strong><strong>,<\/strong>\u00a0que potencia la absorci\u00f3n de nutrientes.<\/li>\n<\/ul>\n<p><b><strong>.<\/strong><\/b>SMART A-TACK HCL combina\u00a0<b><strong>creatina HCL<\/strong><\/b>\u00a0de alta pureza con BCAA, beta-alanina, L-citrulina, taurina y glutamina, junto al extracto vegetal patentado\u00a0<b><strong>AstraGin\u00ae<\/strong><\/b><b><strong>,<\/strong><\/b>\u00a0que potencia la absorci\u00f3n de nutrientes.<\/p>\n<p>&nbsp;<\/p>\n<p><b><strong>REGISTRO INVIMA No.\u00a0<\/strong><\/b><b><strong>RSA-0025189-2023<\/strong><\/b><\/p>\n<p><b><strong>Presentaci\u00f3n: 480 g<\/strong><\/b><\/p>\n<p>Una mezcla en polvo con sabor intenso y f\u00e1cil disoluci\u00f3n, dise\u00f1ada para quienes buscan mejorar su rendimiento f\u00edsico con una f\u00f3rmula ligera, sin az\u00facar a\u00f1adida y con ingredientes premium.<\/p>\n","protected":false},"excerpt":{"rendered":"<p>DESCRIPCION Este combo incluye prote\u00edna de 5 lb + creatina smart atack WHEY PURE 5 LB Disfruta una prote\u00edna de suero de leche concentrada de alta pureza, desarrollada para quienes buscan lo esencial: calidad, sabor y confianza en lo que consumen. Whey Pure\u00a0est\u00e1 formulada con\u00a0prote\u00edna concentrada de Glanbia Nutritionals, una reconocida compa\u00f1\u00eda de nutrici\u00f3n con [&hellip;]<\/p>\n","protected":false},"featured_media":14826,"comment_status":"open","ping_status":"closed","template":"","meta":{"inline_featured_image":false},"product_brand":[],"product_cat":[125,99,86,124,103,106],"product_tag":[],"class_list":{"0":"post-14825","1":"product","2":"type-product","3":"status-publish","4":"has-post-thumbnail","6":"product_cat-combos","7":"product_cat-creatinas","8":"product_cat-marca","9":"product_cat-ofertas","10":"product_cat-proteinas-concentradas","11":"product_cat-smart","13":"first","14":"instock","15":"sale","16":"taxable","17":"shipping-taxable","18":"purchasable","19":"product-type-simple","20":"ebbe-col"},"_links":{"self":[{"href":"https:\/\/nutrifitmax.co\/index.php\/wp-json\/wp\/v2\/product\/14825","targetHints":{"allow":["GET"]}}],"collection":[{"href":"https:\/\/nutrifitmax.co\/index.php\/wp-json\/wp\/v2\/product"}],"about":[{"href":"https:\/\/nutrifitmax.co\/index.php\/wp-json\/wp\/v2\/types\/product"}],"replies":[{"embeddable":true,"href":"https:\/\/nutrifitmax.co\/index.php\/wp-json\/wp\/v2\/comments?post=14825"}],"wp:featuredmedia":[{"embeddable":true,"href":"https:\/\/nutrifitmax.co\/index.php\/wp-json\/wp\/v2\/media\/14826"}],"wp:attachment":[{"href":"https:\/\/nutrifitmax.co\/index.php\/wp-json\/wp\/v2\/media?parent=14825"}],"wp:term":[{"taxonomy":"product_brand","embeddable":true,"href":"https:\/\/nutrifitmax.co\/index.php\/wp-json\/wp\/v2\/product_brand?post=14825"},{"taxonomy":"product_cat","embeddable":true,"href":"https:\/\/nutrifitmax.co\/index.php\/wp-json\/wp\/v2\/product_cat?post=14825"},{"taxonomy":"product_tag","embeddable":true,"href":"https:\/\/nutrifitmax.co\/index.php\/wp-json\/wp\/v2\/product_tag?post=14825"}],"curies":[{"name":"wp","href":"https:\/\/api.w.org\/{rel}","templated":true}]}}