{"id":14803,"date":"2026-01-21T16:08:35","date_gmt":"2026-01-21T16:08:35","guid":{"rendered":"https:\/\/nutrifitmax.co\/?post_type=product&#038;p=14803"},"modified":"2026-01-21T16:13:55","modified_gmt":"2026-01-21T16:13:55","slug":"pre-entreno-rage73-level-x-2","status":"publish","type":"product","link":"https:\/\/nutrifitmax.co\/index.php\/product\/pre-entreno-rage73-level-x-2\/","title":{"rendered":"PRE ENTRENO RAGE73 LEVEL X 2"},"content":{"rendered":"<p>Compra 2 pre entrenos levelpro y llevate un gran descuento<\/p>\n<p>DESCRIPCION<\/p>\n<p>quieres sentir el poder y la fuerza en tus entrenamiento rage73 es la opci\u00f3n ideal para atletas de alto rendimiento<\/p>\n<p>f\u00f3rmula dise\u00f1ada para ayudar a entregar energ\u00eda explosiva, resistencia mejorada y el m\u00e1ximo rendimiento a trav\u00e9s maximiza el rendimiento. De hecho, m\u00e1s del 75% de los consumidores que probaron la f\u00f3rmula durante el proceso de desarrollo nos dijeron que el producto entrega el nivel adecuado de energ\u00eda, resistencia y la congesti\u00f3n muscular. Tambi\u00e9n dimos un paso m\u00e1s y mejoramos el sabor, lo que garantiza el nuevo RAGE73 Entrenamientos intenso gran sabor y capacidad de mezcla superior.<\/p>\n<p>Ingredientes<\/p>\n<p>6 gramos de citrulina<\/p>\n<p>6 gramos de beta alanina<\/p>\n<p>3 gramos de taurina<\/p>\n<p>3 de arginina<\/p>\n<p>50 mg de yohimbina<\/p>\n<p>400 mg de cafeina<\/p>\n<p>&nbsp;<\/p>\n<p><strong>ADVERTENCIA:<\/strong> CONSULTE A SU MEDICO ANTES DE USAR ESTE PRODUCTO si est\u00e1 tomando alg\u00fan medicamento o est\u00e1 bajo el cuidado de UN M\u00c9DICO PARA UNA CONDICI\u00d3N M\u00c9DICA. NO APTO PARA USO EN MENORES DE 18 A\u00d1OS, mujeres que est\u00e1n embarazadas o que est\u00e1n tratando de quedar embarazadas o en lactancia o aquellos que son sensibles a beta-alanina, la cafe\u00edna o niacina. NO CONSUMIR cafe\u00edna de otras fuentes mientras se toma este producto, la cafe\u00edna en exceso puede causar nerviosismo, irritabilidad, insomnio, y latidos del coraz\u00f3n OCASIONALMENTE RAPIDOS. La Beta-alanina\u00a0 \u00a0pueden causar un hormigueo TEMPORAL.<\/p>\n<p>No combinar con alcohol. Consumir como parte de un programa de dieta y ejercicio saludable, y beber al menos 100 onzas de agua por d\u00eda. El ejercicio puede aumentar su necesidad de consumo de l\u00edquidos adicionales. Mantener fuera del alcance de los ni\u00f1os. Almacene en un lugar fresco y seco lejos de la luz solar directa.<\/p>\n<p><strong>Modo de Empleo<\/strong><\/p>\n<p>Mezclar 1 cucharada con 4-6 onzas de agua fr\u00eda y consumir 20-30 minutos antes del entrenamiento. No tome m\u00e1s de 2 cucharadas a la vez o en 1 d\u00eda.<\/p>\n","protected":false},"excerpt":{"rendered":"<p>Compra 2 pre entrenos levelpro y llevate un gran descuento DESCRIPCION quieres sentir el poder y la fuerza en tus entrenamiento rage73 es la opci\u00f3n ideal para atletas de alto rendimiento f\u00f3rmula dise\u00f1ada para ayudar a entregar energ\u00eda explosiva, resistencia mejorada y el m\u00e1ximo rendimiento a trav\u00e9s maximiza el rendimiento. De hecho, m\u00e1s del 75% [&hellip;]<\/p>\n","protected":false},"featured_media":14807,"comment_status":"open","ping_status":"closed","template":"","meta":{"inline_featured_image":false},"product_brand":[],"product_cat":[125,128,86,91,124,109],"product_tag":[],"class_list":{"0":"post-14803","1":"product","2":"type-product","3":"status-publish","4":"has-post-thumbnail","6":"product_cat-combos","7":"product_cat-level-pro-supplements","8":"product_cat-marca","9":"product_cat-mas-vendidos","10":"product_cat-ofertas","11":"product_cat-pre-entrenos","13":"first","14":"instock","15":"sale","16":"taxable","17":"shipping-taxable","18":"purchasable","19":"product-type-simple","20":"ebbe-col","21":"product-has-gallery"},"_links":{"self":[{"href":"https:\/\/nutrifitmax.co\/index.php\/wp-json\/wp\/v2\/product\/14803","targetHints":{"allow":["GET"]}}],"collection":[{"href":"https:\/\/nutrifitmax.co\/index.php\/wp-json\/wp\/v2\/product"}],"about":[{"href":"https:\/\/nutrifitmax.co\/index.php\/wp-json\/wp\/v2\/types\/product"}],"replies":[{"embeddable":true,"href":"https:\/\/nutrifitmax.co\/index.php\/wp-json\/wp\/v2\/comments?post=14803"}],"wp:featuredmedia":[{"embeddable":true,"href":"https:\/\/nutrifitmax.co\/index.php\/wp-json\/wp\/v2\/media\/14807"}],"wp:attachment":[{"href":"https:\/\/nutrifitmax.co\/index.php\/wp-json\/wp\/v2\/media?parent=14803"}],"wp:term":[{"taxonomy":"product_brand","embeddable":true,"href":"https:\/\/nutrifitmax.co\/index.php\/wp-json\/wp\/v2\/product_brand?post=14803"},{"taxonomy":"product_cat","embeddable":true,"href":"https:\/\/nutrifitmax.co\/index.php\/wp-json\/wp\/v2\/product_cat?post=14803"},{"taxonomy":"product_tag","embeddable":true,"href":"https:\/\/nutrifitmax.co\/index.php\/wp-json\/wp\/v2\/product_tag?post=14803"}],"curies":[{"name":"wp","href":"https:\/\/api.w.org\/{rel}","templated":true}]}}