{"id":13602,"date":"2025-04-07T20:02:39","date_gmt":"2025-04-07T20:02:39","guid":{"rendered":"https:\/\/nutrifitmax.co\/?post_type=product&#038;p=13602"},"modified":"2026-03-10T22:29:30","modified_gmt":"2026-03-10T22:29:30","slug":"madness-watermelon","status":"publish","type":"product","link":"https:\/\/nutrifitmax.co\/index.php\/product\/madness-watermelon\/","title":{"rendered":"MADNESS WATERMELON"},"content":{"rendered":"<p>Mutant Madness de Mutant es un pre entreno ultra concentrado en polvo de \u00faltima generaci\u00f3n dise\u00f1ado para mejorar la intensidad y el rendimiento durante el entrenamiento gracias a la combinaci\u00f3n sin\u00e9rgica de los mejores compuestos potenciadores del rendimiento con una mezcla estudiada de estimulantes del sistema nervioso central y amplificadores de la absorci\u00f3n.<\/p>\n<p>Su f\u00f3rmula combina ingredientes como la arginina, la citrulina, la beta alanina, la taurina, la tirosina, el \u00e1cido m\u00e1lico y el \u00e1cido c\u00edtrico, adem\u00e1s de una mezcla potente y estudiada de estimulantes. Mutant Madness es perfecto para aquellos deportistas que buscan mejorar su rendimiento durante el entrenamiento adem\u00e1s de un plus de energ\u00eda.<\/p>\n<p>Mutant Madness te ayudar\u00e1 como ning\u00fan otro producto a reducir el cansancio y la fatiga, aumentando tu rendimiento f\u00edsico durante-tus entrenamientos m\u00e1s<\/p>\n<p>duros.<\/p>\n<p>Mutant Madness es perfecto para reducir el cansancio y la fatiga, aumentando tu rendimiento f\u00edsico.<\/p>\n<p>Caracter\u00edsticas principales de Mutant Madness:<\/p>\n<p>* F\u00f3rmula mejorada.<\/p>\n<p>* 1500mg de Creatina Monohidrato Micronizada por dosis.<\/p>\n<p>* 1250mg de Beta-Alanina por dosis.<\/p>\n<p>* 1000mg de Arginina y Citrulina por dosis.<\/p>\n<p>&#8211; 500mg de \u00c1cido C\u00edtrico y M\u00e1lico por dosis.<\/p>\n<p>* 500mg de Complejo de Cafe\u00edna por dosis.<\/p>\n<p>* Con Niacina, \u00c1cido F\u00f3lico, Vitamina B12 y Magnesio.<\/p>\n<p>* 225g por envase.<\/p>\n","protected":false},"excerpt":{"rendered":"<p>\u00bfLe cuesta rendir al m\u00e1ximo en tus entrenamientos? \u00bfQuieres tener energ\u00eda hasta el final?, prueba Mutant Madness, una f\u00f3rmula pre entreno altamente concentrada.<\/p>\n<p>Gracias a la excelente combinaci\u00f3n de ingredientes, coro la creatina, la arginina, la citrulina o la beta-alanina, adem\u00e1s de la cafe\u00edna, Mutant Madness es perfecto para aquellos deportistas que buscan un plus de energ\u00eda en sus entrenamientos.<\/p>\n<p><strong>PROSCIENCE\u00a0 Si quieres m\u00e1s informaci\u00f3n o mejores precios comun\u00edcate con nosotros en nuestro <a href=\"https:\/\/www.instagram.com\/nutrifitmaxpereira\/?hl=es\">Instagram<\/a>\u00a0o en nuestro\u00a0<a href=\"https:\/\/api.whatsapp.com\/send?phone=573026673078\">WhatsApp<\/a><br \/>\nSi quieres ver m\u00e1s productos de la l\u00ednea ingresa a este\u00a0<a href=\"https:\/\/nutrifitmax.co\/index.php\/product-category\/marca\/proscience\/\">link<\/a> ahora.<br \/>\nLos mejores suplementos garantizados los encuentras en NUTRIFITMAX<\/strong><\/p>\n","protected":false},"featured_media":13629,"comment_status":"open","ping_status":"closed","template":"","meta":{"inline_featured_image":false},"product_brand":[],"product_cat":[86,141,109],"product_tag":[],"class_list":{"0":"post-13602","1":"product","2":"type-product","3":"status-publish","4":"has-post-thumbnail","6":"product_cat-marca","7":"product_cat-mutant","8":"product_cat-pre-entrenos","10":"first","11":"outofstock","12":"taxable","13":"shipping-taxable","14":"purchasable","15":"product-type-simple","16":"ebbe-col"},"_links":{"self":[{"href":"https:\/\/nutrifitmax.co\/index.php\/wp-json\/wp\/v2\/product\/13602","targetHints":{"allow":["GET"]}}],"collection":[{"href":"https:\/\/nutrifitmax.co\/index.php\/wp-json\/wp\/v2\/product"}],"about":[{"href":"https:\/\/nutrifitmax.co\/index.php\/wp-json\/wp\/v2\/types\/product"}],"replies":[{"embeddable":true,"href":"https:\/\/nutrifitmax.co\/index.php\/wp-json\/wp\/v2\/comments?post=13602"}],"wp:featuredmedia":[{"embeddable":true,"href":"https:\/\/nutrifitmax.co\/index.php\/wp-json\/wp\/v2\/media\/13629"}],"wp:attachment":[{"href":"https:\/\/nutrifitmax.co\/index.php\/wp-json\/wp\/v2\/media?parent=13602"}],"wp:term":[{"taxonomy":"product_brand","embeddable":true,"href":"https:\/\/nutrifitmax.co\/index.php\/wp-json\/wp\/v2\/product_brand?post=13602"},{"taxonomy":"product_cat","embeddable":true,"href":"https:\/\/nutrifitmax.co\/index.php\/wp-json\/wp\/v2\/product_cat?post=13602"},{"taxonomy":"product_tag","embeddable":true,"href":"https:\/\/nutrifitmax.co\/index.php\/wp-json\/wp\/v2\/product_tag?post=13602"}],"curies":[{"name":"wp","href":"https:\/\/api.w.org\/{rel}","templated":true}]}}