{"id":13501,"date":"2025-04-07T20:01:30","date_gmt":"2025-04-07T20:01:30","guid":{"rendered":"https:\/\/nutrifitmax.co\/?post_type=product&#038;p=13501"},"modified":"2026-04-23T00:52:35","modified_gmt":"2026-04-23T00:52:35","slug":"carnivor-2lb-chocolate-musclemeds","status":"publish","type":"product","link":"https:\/\/nutrifitmax.co\/index.php\/product\/carnivor-2lb-chocolate-musclemeds\/","title":{"rendered":"CARNIVOR 2LB CHOCOLATE MUSCLEMEDS"},"content":{"rendered":"<h4>DESCRPCION:<\/h4>\n<h4>Carnivor es el primer aislado en polvo de prote\u00edna de carne, Desde hace tiempo se sabe que los culturistas y atletas de fuerza consumen grandes cantidades de carne de vacuno para ayudar a construir m\u00fasculo y aumentar su fuerza.<\/h4>\n<h4><strong>Modo de uso:<\/strong><\/h4>\n<h4>Para tomar un delicioso batido de\u00a0Carnivor, mezclar un dosificador (23 g) \u00f3 2 (46 g) con 6-12 oz de agua fr\u00eda. Tomar de 1 a 3 veces al d\u00eda, o seg\u00fan sea necesario para satisfacer sus necesidades proteicas. Puede que quede algo de espuma despu\u00e9s de la mezcla de prote\u00ednas.<\/h4>\n<h4><strong>Recomendaciones:<\/strong> Almacenar en un ambiente fresco y seco a temperatura de 18C y 25C<\/h4>\n<h4>Contenido neto 2lb<\/h4>\n<h4>28 servicios<\/h4>\n<h4>Registro Invima RSIA-11L70514<\/h4>\n<p>&nbsp;<\/p>\n","protected":false},"excerpt":{"rendered":"<p>DESCRPCION: Carnivor es el primer aislado en polvo de prote\u00edna de carne, Desde hace tiempo se sabe que los culturistas y atletas de fuerza consumen grandes cantidades de carne de vacuno para ayudar a construir m\u00fasculo y aumentar su fuerza. Modo de uso: Para tomar un delicioso batido de\u00a0Carnivor, mezclar un dosificador (23 g) \u00f3 [&hellip;]<\/p>\n","protected":false},"featured_media":13526,"comment_status":"open","ping_status":"closed","template":"","meta":{"inline_featured_image":false},"product_brand":[],"product_cat":[85,86,97,88,89],"product_tag":[],"class_list":{"0":"post-13501","1":"product","2":"type-product","3":"status-publish","4":"has-post-thumbnail","6":"product_cat-definicion","7":"product_cat-marca","8":"product_cat-musclemeds","9":"product_cat-proteinas","10":"product_cat-proteinas-hipocaloricas","12":"first","13":"instock","14":"taxable","15":"shipping-taxable","16":"purchasable","17":"product-type-simple","18":"ebbe-col"},"_links":{"self":[{"href":"https:\/\/nutrifitmax.co\/index.php\/wp-json\/wp\/v2\/product\/13501","targetHints":{"allow":["GET"]}}],"collection":[{"href":"https:\/\/nutrifitmax.co\/index.php\/wp-json\/wp\/v2\/product"}],"about":[{"href":"https:\/\/nutrifitmax.co\/index.php\/wp-json\/wp\/v2\/types\/product"}],"replies":[{"embeddable":true,"href":"https:\/\/nutrifitmax.co\/index.php\/wp-json\/wp\/v2\/comments?post=13501"}],"wp:featuredmedia":[{"embeddable":true,"href":"https:\/\/nutrifitmax.co\/index.php\/wp-json\/wp\/v2\/media\/13526"}],"wp:attachment":[{"href":"https:\/\/nutrifitmax.co\/index.php\/wp-json\/wp\/v2\/media?parent=13501"}],"wp:term":[{"taxonomy":"product_brand","embeddable":true,"href":"https:\/\/nutrifitmax.co\/index.php\/wp-json\/wp\/v2\/product_brand?post=13501"},{"taxonomy":"product_cat","embeddable":true,"href":"https:\/\/nutrifitmax.co\/index.php\/wp-json\/wp\/v2\/product_cat?post=13501"},{"taxonomy":"product_tag","embeddable":true,"href":"https:\/\/nutrifitmax.co\/index.php\/wp-json\/wp\/v2\/product_tag?post=13501"}],"curies":[{"name":"wp","href":"https:\/\/api.w.org\/{rel}","templated":true}]}}