{"id":13438,"date":"2025-04-07T20:00:25","date_gmt":"2025-04-07T20:00:25","guid":{"rendered":"https:\/\/nutrifitmax.co\/?post_type=product&#038;p=13438"},"modified":"2025-11-06T20:35:24","modified_gmt":"2025-11-06T20:35:24","slug":"mega-carbs-nutramerican","status":"publish","type":"product","link":"https:\/\/nutrifitmax.co\/index.php\/product\/mega-carbs-nutramerican\/","title":{"rendered":"MEGA CARBS NUTRAMERICAN"},"content":{"rendered":"<p><strong>MEGA CARBS<\/strong>\u00a0es un complemento altamente rico en carbohidratos que proporcionan la energ\u00eda necesaria para personas con alto gasto cal\u00f3rico, en actividades como ciclismo, nataci\u00f3n, atletismo entre otros.<\/p>\n<p><strong>MEGA CARBS<\/strong>\u00a0contiene dextrosa; un az\u00facar compuesto 100% por glucosa de r\u00e1pida absorci\u00f3n, m\u00e1s carbohidratos de cadena media obtenidos mediante la hidr\u00f3lisis del almid\u00f3n, proporcionando as\u00ed una fuente de energ\u00eda prolongada, buscada por deportistas con largas jornadas de entrenamiento o competencia.<\/p>\n<p><strong>MEGA CARBS<\/strong>\u00a0contiene el 100% de la recomendaci\u00f3n diaria de Vitamina C.<\/p>\n<p><strong>MEGA CARBS<\/strong>\u00a0contiene Triglic\u00e9ridos de cadena media (TCM), una de las fuentes de energ\u00eda m\u00e1s apetecidas por los m\u00fasculos, ya que son utilizadas r\u00e1pidamente como combustible.<\/p>\n<ul>\n<li>Registro Invima\u00a0<strong>NSA-0015613-2024<\/strong>.<\/li>\n<\/ul>\n","protected":false},"excerpt":{"rendered":"<p><strong>Somos distribuidores de NUTRAMERICAN<em>\u00ae<\/em>\u00a0 Si quieres m\u00e1s informaci\u00f3n o mejores precios comun\u00edcate con nosotros en nuestro <a href=\"https:\/\/www.instagram.com\/nutrifitmaxpereira\/?hl=es\">Instagram<\/a>\u00a0o en nuestro\u00a0<a href=\"https:\/\/api.whatsapp.com\/send?phone=573026673078\">WhatsApp<\/a><br \/>\nSi quieres ver m\u00e1s productos de la l\u00ednea ingresa a este\u00a0<a href=\"https:\/\/nutrifitmax.co\/index.php\/product-category\/marca\/proscience\/\">link<\/a> ahora.<br \/>\nLos mejores suplementos garantizados los encuentras en NUTRIFITMAX<\/strong><\/p>\n","protected":false},"featured_media":13491,"comment_status":"open","ping_status":"closed","template":"","meta":{"inline_featured_image":false},"product_brand":[],"product_cat":[86,100,95],"product_tag":[],"class_list":{"0":"post-13438","1":"product","2":"type-product","3":"status-publish","4":"has-post-thumbnail","6":"product_cat-marca","7":"product_cat-nutramerican","8":"product_cat-recuperacion","10":"first","11":"instock","12":"taxable","13":"shipping-taxable","14":"purchasable","15":"product-type-simple","16":"ebbe-col"},"_links":{"self":[{"href":"https:\/\/nutrifitmax.co\/index.php\/wp-json\/wp\/v2\/product\/13438","targetHints":{"allow":["GET"]}}],"collection":[{"href":"https:\/\/nutrifitmax.co\/index.php\/wp-json\/wp\/v2\/product"}],"about":[{"href":"https:\/\/nutrifitmax.co\/index.php\/wp-json\/wp\/v2\/types\/product"}],"replies":[{"embeddable":true,"href":"https:\/\/nutrifitmax.co\/index.php\/wp-json\/wp\/v2\/comments?post=13438"}],"wp:featuredmedia":[{"embeddable":true,"href":"https:\/\/nutrifitmax.co\/index.php\/wp-json\/wp\/v2\/media\/13491"}],"wp:attachment":[{"href":"https:\/\/nutrifitmax.co\/index.php\/wp-json\/wp\/v2\/media?parent=13438"}],"wp:term":[{"taxonomy":"product_brand","embeddable":true,"href":"https:\/\/nutrifitmax.co\/index.php\/wp-json\/wp\/v2\/product_brand?post=13438"},{"taxonomy":"product_cat","embeddable":true,"href":"https:\/\/nutrifitmax.co\/index.php\/wp-json\/wp\/v2\/product_cat?post=13438"},{"taxonomy":"product_tag","embeddable":true,"href":"https:\/\/nutrifitmax.co\/index.php\/wp-json\/wp\/v2\/product_tag?post=13438"}],"curies":[{"name":"wp","href":"https:\/\/api.w.org\/{rel}","templated":true}]}}