{"id":13415,"date":"2025-04-07T20:00:00","date_gmt":"2025-04-07T20:00:00","guid":{"rendered":"https:\/\/nutrifitmax.co\/?post_type=product&#038;p=13415"},"modified":"2025-04-07T20:01:03","modified_gmt":"2025-04-07T20:01:03","slug":"medical-green-phytoestrogen-100tabl","status":"publish","type":"product","link":"https:\/\/nutrifitmax.co\/index.php\/product\/medical-green-phytoestrogen-100tabl\/","title":{"rendered":"MEDICAL GREEN PHYTOESTROGEN 100TABL"},"content":{"rendered":"<p><img fetchpriority=\"high\" decoding=\"async\" class=\"\" src=\"https:\/\/www.marketnutrition.com.co\/wp-content\/uploads\/2023\/11\/N20-2.jpg\" width=\"235\" height=\"235\" \/><\/p>\n<h1 class=\"product_title entry-title\">MEDICAL GREEN PHYTOESTROGEN 100TABL<\/h1>\n<p><strong>Phyto Estrogen Plus de Medical Green<\/strong>, f\u00f3rmula herbal para la salud de la mujer; con las plantas reguladoras hormonales, que ayudan a evitar los s\u00edntomas durante los per\u00edodos menop\u00e1usicos. Modo de Uso: Adultos, tomar una (1) C\u00e1psula diaria, con una comida principal.<\/p>\n","protected":false},"excerpt":{"rendered":"<p><img decoding=\"async\" class=\"\" src=\"https:\/\/www.marketnutrition.com.co\/wp-content\/uploads\/2023\/11\/N20-2.jpg\" width=\"169\" height=\"169\" \/><\/p>\n<h1 class=\"product_title entry-title\">MEDICAL GREEN PHYTOESTROGEN 100TABL<\/h1>\n","protected":false},"featured_media":13469,"comment_status":"open","ping_status":"closed","template":"","meta":{"inline_featured_image":false},"product_brand":[],"product_cat":[86,111,112],"product_tag":[],"class_list":{"0":"post-13415","1":"product","2":"type-product","3":"status-publish","4":"has-post-thumbnail","6":"product_cat-marca","7":"product_cat-medical-green","8":"product_cat-suplementos-naturales","10":"first","11":"instock","12":"taxable","13":"shipping-taxable","14":"purchasable","15":"product-type-simple","16":"ebbe-col"},"_links":{"self":[{"href":"https:\/\/nutrifitmax.co\/index.php\/wp-json\/wp\/v2\/product\/13415","targetHints":{"allow":["GET"]}}],"collection":[{"href":"https:\/\/nutrifitmax.co\/index.php\/wp-json\/wp\/v2\/product"}],"about":[{"href":"https:\/\/nutrifitmax.co\/index.php\/wp-json\/wp\/v2\/types\/product"}],"replies":[{"embeddable":true,"href":"https:\/\/nutrifitmax.co\/index.php\/wp-json\/wp\/v2\/comments?post=13415"}],"wp:featuredmedia":[{"embeddable":true,"href":"https:\/\/nutrifitmax.co\/index.php\/wp-json\/wp\/v2\/media\/13469"}],"wp:attachment":[{"href":"https:\/\/nutrifitmax.co\/index.php\/wp-json\/wp\/v2\/media?parent=13415"}],"wp:term":[{"taxonomy":"product_brand","embeddable":true,"href":"https:\/\/nutrifitmax.co\/index.php\/wp-json\/wp\/v2\/product_brand?post=13415"},{"taxonomy":"product_cat","embeddable":true,"href":"https:\/\/nutrifitmax.co\/index.php\/wp-json\/wp\/v2\/product_cat?post=13415"},{"taxonomy":"product_tag","embeddable":true,"href":"https:\/\/nutrifitmax.co\/index.php\/wp-json\/wp\/v2\/product_tag?post=13415"}],"curies":[{"name":"wp","href":"https:\/\/api.w.org\/{rel}","templated":true}]}}