{"id":13409,"date":"2025-04-07T19:59:59","date_gmt":"2025-04-07T19:59:59","guid":{"rendered":"https:\/\/nutrifitmax.co\/?post_type=product&#038;p=13409"},"modified":"2026-01-21T18:39:53","modified_gmt":"2026-01-21T18:39:53","slug":"best-vegan-2-lb-proscience","status":"publish","type":"product","link":"https:\/\/nutrifitmax.co\/index.php\/product\/best-vegan-2-lb-proscience\/","title":{"rendered":"BEST VEGAN 2 LBS PROSCIENCE"},"content":{"rendered":"<h3><img fetchpriority=\"high\" decoding=\"async\" class=\"\" src=\"https:\/\/proscience.com.co\/wp-content\/uploads\/2024\/10\/BEST-VEGAN-1-510x510.webp\" width=\"341\" height=\"341\" \/><\/h3>\n<p>Alimento en polvo a base de prote\u00edna de arveja con BCAA, enriquecido con vitaminas y minerales sabor chocolate y vainilla.<\/p>\n<p><strong>Ingredientes:<\/strong>\u00a0Prote\u00edna de Arveja, Prote\u00edna de Arroz Org\u00e1nica, BCAA (L-Leucina, L-Isoleucina, L- Valina), Leche de Coco en Polvo, Cocoa, Sabor Id\u00e9ntico al Natural (Chocolate), Goma Xanthan (Espesante), Edulcorante Natural (Stevia), Vitamina C (\u00c1cido Asc\u00f3rbico), Citrato de Sodio, Fumarato Ferroso, Vitamina E, Lactobacillus Paracasei (Cultivo Probi\u00f3tico), Vitamina B6 (Piridoxina), Biotina, Vitamina B1 (Tiamina), Betacaroteno, Vitamina D3.<\/p>\n<p><strong>Presentaci\u00f3n Comercial:<\/strong>\u00a0Envase y Liners interno de seguridad.<\/p>\n<p><strong>Material del Empaque:<\/strong>\u00a0Envase pl\u00e1stico.<\/p>\n<p><strong>M\u00e9todo de Conservaci\u00f3n:<\/strong>\u00a0El producto debe estar almacenado en su empaque original, en un lugar fresco a temperatura inferior a 30\u00b0C y a una humedad relativa inferior a 75%. No introducir elementos h\u00famedos, despu\u00e9s de abierto consumase en el menor tiempo posible.<\/p>\n<p><strong>Contenido:<\/strong>\u00a0Neto 980g \/ 2,16 Lb \/ 34,6 Oz.<\/p>\n<p><strong>Servicios:<\/strong>\u00a028 Porciones por envase.<\/p>\n<p><strong>Sabor:<\/strong>\u00a0Chocolate \/ Vainilla.<\/p>\n<p><strong>Modo o M\u00e9todo de Consumo o Preparaci\u00f3n:\u00a0<\/strong>Mezclar 1 cuchara medidora (35 g) incluida en el empaque en 1.5 vasos de agua (300 mL), ag\u00edtese hasta obtener un producto homog\u00e9neo. Consumase una vez preparado.<\/p>\n<p><strong>Formato de Venta:<\/strong>\u00a0Polvo.<\/p>\n<p><strong>Notificaci\u00f3n Sanitaria:<\/strong>\u00a0RSA-0015967-2021.<\/p>\n","protected":false},"excerpt":{"rendered":"<p><strong>BEST VEGAN\u00a0<\/strong>es un producto alimenticio a base de prote\u00edna vegetal, en una combinaci\u00f3n de arroz y arveja fortificado con los amino\u00e1cidos esenciales: leucina, isoleucina, valina, tambi\u00e9n llamados BCAA, as\u00ed como vitaminas y minerales.<\/p>\n<p>Este producto\u00a0<strong>BEST VEGAN<\/strong>\u00a0es ideal en cualquier poblaci\u00f3n para mejorar el contenido proteico de la dieta y \u00f3ptimo para personas que no gustan del consumo de la prote\u00edna animal y que basan su alimentaci\u00f3n principalmente de fuentes vegetales.<\/p>\n<p><strong>BEST VEGAN\u00a0<\/strong>combinando las prote\u00ednas de la arveja y del arroz logra un perfil de amino\u00e1cidos ideal para aquellas personas que basan su alimentaci\u00f3n en prote\u00ednas de muy bajo valor biol\u00f3gico y que de manera cr\u00f3nica si no consumen un perfil de amino\u00e1cidos adecuado, podr\u00edan desencadenar en un inadecuado estado de salud o terminar en una enfermedad metab\u00f3lica.<\/p>\n<p><strong>BEST VEGAN\u00a0<\/strong>puedes consumirla a cualquier hora del d\u00eda como un complemento a tu alimentaci\u00f3n y\/o para lograr un mayor requerimiento proteico. Si realizas actividad f\u00edsica puedes utilizarla posterior al entrenamiento, mezcl\u00e1ndola con agua idealmente.<\/p>\n<p><strong>Somos distribuidores de PROSCIENCE\u00ae\u00a0 Si quieres m\u00e1s informaci\u00f3n o mejores precios comun\u00edcate con nosotros en nuestro <a href=\"https:\/\/www.instagram.com\/nutrifitmaxpereira\/?hl=es\">Instagram<\/a>\u00a0o en nuestro\u00a0<a href=\"https:\/\/api.whatsapp.com\/send?phone=573026673078\">WhatsApp<\/a><br \/>\nSi quieres ver m\u00e1s productos de la l\u00ednea ingresa a este\u00a0<a href=\"https:\/\/nutrifitmax.co\/index.php\/product-category\/marca\/proscience\/\">link<\/a> ahora.<br \/>\nLos mejores suplementos garantizados los encuentras en NUTRIFITMAX<\/strong><\/p>\n","protected":false},"featured_media":13451,"comment_status":"open","ping_status":"closed","template":"","meta":{"inline_featured_image":false},"product_brand":[],"product_cat":[86,101,88,89,121],"product_tag":[],"class_list":{"0":"post-13409","1":"product","2":"type-product","3":"status-publish","4":"has-post-thumbnail","6":"product_cat-marca","7":"product_cat-proscience","8":"product_cat-proteinas","9":"product_cat-proteinas-hipocaloricas","10":"product_cat-veganos","12":"first","13":"instock","14":"taxable","15":"shipping-taxable","16":"purchasable","17":"product-type-simple","18":"ebbe-col"},"_links":{"self":[{"href":"https:\/\/nutrifitmax.co\/index.php\/wp-json\/wp\/v2\/product\/13409","targetHints":{"allow":["GET"]}}],"collection":[{"href":"https:\/\/nutrifitmax.co\/index.php\/wp-json\/wp\/v2\/product"}],"about":[{"href":"https:\/\/nutrifitmax.co\/index.php\/wp-json\/wp\/v2\/types\/product"}],"replies":[{"embeddable":true,"href":"https:\/\/nutrifitmax.co\/index.php\/wp-json\/wp\/v2\/comments?post=13409"}],"wp:featuredmedia":[{"embeddable":true,"href":"https:\/\/nutrifitmax.co\/index.php\/wp-json\/wp\/v2\/media\/13451"}],"wp:attachment":[{"href":"https:\/\/nutrifitmax.co\/index.php\/wp-json\/wp\/v2\/media?parent=13409"}],"wp:term":[{"taxonomy":"product_brand","embeddable":true,"href":"https:\/\/nutrifitmax.co\/index.php\/wp-json\/wp\/v2\/product_brand?post=13409"},{"taxonomy":"product_cat","embeddable":true,"href":"https:\/\/nutrifitmax.co\/index.php\/wp-json\/wp\/v2\/product_cat?post=13409"},{"taxonomy":"product_tag","embeddable":true,"href":"https:\/\/nutrifitmax.co\/index.php\/wp-json\/wp\/v2\/product_tag?post=13409"}],"curies":[{"name":"wp","href":"https:\/\/api.w.org\/{rel}","templated":true}]}}