{"id":13350,"date":"2025-04-07T19:59:08","date_gmt":"2025-04-07T19:59:08","guid":{"rendered":"https:\/\/nutrifitmax.co\/?post_type=product&#038;p=13350"},"modified":"2026-02-05T19:08:44","modified_gmt":"2026-02-05T19:08:44","slug":"whey-elite-5-lb-dymatize-5-lb-vainilla","status":"publish","type":"product","link":"https:\/\/nutrifitmax.co\/index.php\/product\/whey-elite-5-lb-dymatize-5-lb-vainilla\/","title":{"rendered":"WHEY ELITE 5 LB DYMATIZE 5 LB VAINILLA"},"content":{"rendered":"<h4>DESCRIPCION WHEY ELITE 5 LB DYMATIZE 5 LB VAINILLA<\/h4>\n<h4><img fetchpriority=\"high\" decoding=\"async\" class=\"alignnone size-medium wp-image-4108\" src=\"https:\/\/nutrifitmax.co\/wp-content\/uploads\/2021\/06\/ELITE-WHEY-244x300.png\" alt=\"\" width=\"244\" height=\"300\" \/><\/h4>\n<h4>Si usted se est\u00e1 preparando para un entrenamiento duro, recuper\u00e1ndose de un entrenamiento intenso en el gimnasio o simplemente buscando aumentar su ingesta de prote\u00ednas, Elite 100% Whey Protein es la prote\u00edna perfecta en cualquier momento.<\/h4>\n<h5 class=\"serp-title\">WHEY ELITE 5 LB DYMATIZE 5 LB VAINILLA<\/h5>\n<p>Aproveche al m\u00e1ximo sus entrenamientos con Elite 100% Whey Protein.\u00a0Cada porci\u00f3n de Elite 100% Whey Protein contiene 25 gramos de prote\u00edna de suero de leche de alta calidad, de r\u00e1pida digesti\u00f3n y absorci\u00f3n, incluyendo concentrado de prote\u00edna de suero, prote\u00edna de suero de leche y p\u00e9ptidos de suero para apoyar incluso los m\u00e1s rigurosos objetivos deportivos y de acondicionamiento f\u00edsico.<\/p>\n<p><strong>Modo de Uso<\/strong><\/p>\n<h5 class=\"serp-title\">WHEY ELITE 5 LB DYMATIZE 5 LB VAINILLA<\/h5>\n<h4>Agregue una cucharada (incluida) a 6-8 onzas (180mL-240mL) de agua, leche o su bebida favorita y mezcle bien.\u00a0Disfrute antes de los entrenamientos, dentro de los 30 minutos despu\u00e9s de los entrenamientos o en cualquier momento que desee una bebida de alta calidad y alta prote\u00edna.<\/h4>\n","protected":false},"excerpt":{"rendered":"<h4>WHEY ELITE 5 LB DYMATIZE 5 LB VAINILLA\u00a0 es una proteina a base de suero de leche ideal para el creciemiento de masa muscular baja en calorias<img fetchpriority=\"high\" decoding=\"async\" class=\"alignnone size-medium wp-image-4108\" src=\"https:\/\/nutrifitmax.co\/wp-content\/uploads\/2021\/06\/ELITE-WHEY-244x300.png\" alt=\"\" width=\"244\" height=\"300\" \/><\/h4>\n","protected":false},"featured_media":13392,"comment_status":"open","ping_status":"closed","template":"","meta":{"inline_featured_image":false},"product_brand":[],"product_cat":[102,86,88,103],"product_tag":[],"class_list":{"0":"post-13350","1":"product","2":"type-product","3":"status-publish","4":"has-post-thumbnail","6":"product_cat-dymatize","7":"product_cat-marca","8":"product_cat-proteinas","9":"product_cat-proteinas-concentradas","11":"first","12":"instock","13":"taxable","14":"shipping-taxable","15":"purchasable","16":"product-type-simple","17":"ebbe-col","18":"product-has-gallery"},"_links":{"self":[{"href":"https:\/\/nutrifitmax.co\/index.php\/wp-json\/wp\/v2\/product\/13350","targetHints":{"allow":["GET"]}}],"collection":[{"href":"https:\/\/nutrifitmax.co\/index.php\/wp-json\/wp\/v2\/product"}],"about":[{"href":"https:\/\/nutrifitmax.co\/index.php\/wp-json\/wp\/v2\/types\/product"}],"replies":[{"embeddable":true,"href":"https:\/\/nutrifitmax.co\/index.php\/wp-json\/wp\/v2\/comments?post=13350"}],"wp:featuredmedia":[{"embeddable":true,"href":"https:\/\/nutrifitmax.co\/index.php\/wp-json\/wp\/v2\/media\/13392"}],"wp:attachment":[{"href":"https:\/\/nutrifitmax.co\/index.php\/wp-json\/wp\/v2\/media?parent=13350"}],"wp:term":[{"taxonomy":"product_brand","embeddable":true,"href":"https:\/\/nutrifitmax.co\/index.php\/wp-json\/wp\/v2\/product_brand?post=13350"},{"taxonomy":"product_cat","embeddable":true,"href":"https:\/\/nutrifitmax.co\/index.php\/wp-json\/wp\/v2\/product_cat?post=13350"},{"taxonomy":"product_tag","embeddable":true,"href":"https:\/\/nutrifitmax.co\/index.php\/wp-json\/wp\/v2\/product_tag?post=13350"}],"curies":[{"name":"wp","href":"https:\/\/api.w.org\/{rel}","templated":true}]}}