{"id":13313,"date":"2025-04-07T19:58:25","date_gmt":"2025-04-07T19:58:25","guid":{"rendered":"https:\/\/nutrifitmax.co\/?post_type=product&#038;p=13313"},"modified":"2026-01-13T21:51:42","modified_gmt":"2026-01-13T21:51:42","slug":"c4-cellucor-30-servicios-copia","status":"publish","type":"product","link":"https:\/\/nutrifitmax.co\/index.php\/product\/c4-cellucor-30-servicios-copia\/","title":{"rendered":"C4 CELLUCOR 30 SERVICIOS"},"content":{"rendered":"<h2 class=\"serp-title\">C4 CELLUCOR 30 SERVICIOS<\/h2>\n<h4>La energ\u00eda explosiva, el enfoque intensificado y un impulso abrumador para hacer frente a cualquier desaf\u00edo \u2026 esa es la experiencia\u00a0C4. Millones de personas, desde principiantes hasta competidores de \u00e9lite, han confiado en\u00a0C4\u00a0para ayudarles a convertir sus ambiciones en logros.<\/h4>\n<h4>C4\u00a0Original\u00a0cumple con su s\u00f3lida reputaci\u00f3n con una f\u00f3rmula cl\u00e1sica para energ\u00eda avanzada, resistencia, enfoque y bombas. Pero con un nuevo dise\u00f1o de la botella y opciones m\u00e1s deliciosas del sabor para que usted elija.<\/h4>\n<h4>Ya sea que est\u00e9 empezando un viaje de acondicionamiento f\u00edsico o est\u00e9 esforz\u00e1ndose por alcanzar ese siguiente nivel,\u00a0C4\u00a0Original\u00a0le ayudar\u00e1 a desbloquear todo su potencial.<\/h4>\n<h4>Contiene CarnoSyn\u00ae Beta Alanina, un amino\u00e1cido, que se convierte en un compuesto en su cuerpo llamado carnosina. Es la \u00fanica forma patentada y cl\u00ednicamente estudiada de beta-alanina que ha demostrado apoyar la resistencia muscular.<\/h4>\n<h4>Elementos clave<\/h4>\n<ul>\n<li>\n<h4>1,6 g de CarnoSyn \u00ae Beta-Alanina<\/h4>\n<\/li>\n<li>\n<h4>1g de Nitrato de Creatina (NO3-T\u00ae)<\/h4>\n<\/li>\n<li>\n<h4>150mg de cafe\u00edna<\/h4>\n<\/li>\n<li>\n<h4>1g Arginina AKG<\/h4>\n<\/li>\n<\/ul>\n","protected":false},"excerpt":{"rendered":"<h5 class=\"serp-title\">C4 CELLUCOR 30 SERVICIOS\u00a0 ESTE PRODUCTO TE APORTARA ENERGIA DURANTE TUS ENTRENAMIENTOS<\/h5>\n<p><img fetchpriority=\"high\" decoding=\"async\" class=\"alignnone size-medium wp-image-14535\" src=\"https:\/\/nutrifitmax.co\/wp-content\/uploads\/2025\/04\/C4_Original_30_Serv_FruitPunch-500x500-2-300x300.webp\" alt=\"\" width=\"300\" height=\"300\" srcset=\"https:\/\/nutrifitmax.co\/wp-content\/uploads\/2025\/04\/C4_Original_30_Serv_FruitPunch-500x500-2-300x300.webp 300w, https:\/\/nutrifitmax.co\/wp-content\/uploads\/2025\/04\/C4_Original_30_Serv_FruitPunch-500x500-2-150x150.webp 150w, https:\/\/nutrifitmax.co\/wp-content\/uploads\/2025\/04\/C4_Original_30_Serv_FruitPunch-500x500-2-70x70.webp 70w, https:\/\/nutrifitmax.co\/wp-content\/uploads\/2025\/04\/C4_Original_30_Serv_FruitPunch-500x500-2-100x100.webp 100w, https:\/\/nutrifitmax.co\/wp-content\/uploads\/2025\/04\/C4_Original_30_Serv_FruitPunch-500x500-2-400x400.webp 400w, https:\/\/nutrifitmax.co\/wp-content\/uploads\/2025\/04\/C4_Original_30_Serv_FruitPunch-500x500-2-200x200.webp 200w, https:\/\/nutrifitmax.co\/wp-content\/uploads\/2025\/04\/C4_Original_30_Serv_FruitPunch-500x500-2-96x96.webp 96w, https:\/\/nutrifitmax.co\/wp-content\/uploads\/2025\/04\/C4_Original_30_Serv_FruitPunch-500x500-2-460x460.webp 460w, https:\/\/nutrifitmax.co\/wp-content\/uploads\/2025\/04\/C4_Original_30_Serv_FruitPunch-500x500-2.webp 500w\" sizes=\"(max-width: 300px) 100vw, 300px\" \/><\/p>\n<p>&nbsp;<\/p>\n","protected":false},"featured_media":14533,"comment_status":"open","ping_status":"closed","template":"","meta":{"inline_featured_image":false},"product_brand":[],"product_cat":[108,86,109,95],"product_tag":[],"class_list":{"0":"post-13313","1":"product","2":"type-product","3":"status-publish","4":"has-post-thumbnail","6":"product_cat-cellucor","7":"product_cat-marca","8":"product_cat-pre-entrenos","9":"product_cat-recuperacion","11":"first","12":"instock","13":"taxable","14":"shipping-taxable","15":"purchasable","16":"product-type-simple","17":"ebbe-col","18":"product-has-gallery"},"_links":{"self":[{"href":"https:\/\/nutrifitmax.co\/index.php\/wp-json\/wp\/v2\/product\/13313","targetHints":{"allow":["GET"]}}],"collection":[{"href":"https:\/\/nutrifitmax.co\/index.php\/wp-json\/wp\/v2\/product"}],"about":[{"href":"https:\/\/nutrifitmax.co\/index.php\/wp-json\/wp\/v2\/types\/product"}],"replies":[{"embeddable":true,"href":"https:\/\/nutrifitmax.co\/index.php\/wp-json\/wp\/v2\/comments?post=13313"}],"wp:featuredmedia":[{"embeddable":true,"href":"https:\/\/nutrifitmax.co\/index.php\/wp-json\/wp\/v2\/media\/14533"}],"wp:attachment":[{"href":"https:\/\/nutrifitmax.co\/index.php\/wp-json\/wp\/v2\/media?parent=13313"}],"wp:term":[{"taxonomy":"product_brand","embeddable":true,"href":"https:\/\/nutrifitmax.co\/index.php\/wp-json\/wp\/v2\/product_brand?post=13313"},{"taxonomy":"product_cat","embeddable":true,"href":"https:\/\/nutrifitmax.co\/index.php\/wp-json\/wp\/v2\/product_cat?post=13313"},{"taxonomy":"product_tag","embeddable":true,"href":"https:\/\/nutrifitmax.co\/index.php\/wp-json\/wp\/v2\/product_tag?post=13313"}],"curies":[{"name":"wp","href":"https:\/\/api.w.org\/{rel}","templated":true}]}}