{"id":13312,"date":"2025-04-07T19:58:25","date_gmt":"2025-04-07T19:58:25","guid":{"rendered":"https:\/\/nutrifitmax.co\/?post_type=product&#038;p=13312"},"modified":"2026-04-23T00:49:07","modified_gmt":"2026-04-23T00:49:07","slug":"elite-whey-dymatize-2-lb-vainilla-vainilla","status":"publish","type":"product","link":"https:\/\/nutrifitmax.co\/index.php\/product\/elite-whey-dymatize-2-lb-vainilla-vainilla\/","title":{"rendered":"ELITE WHEY DYMATIZE 2 LB VAINILLA"},"content":{"rendered":"<p><img decoding=\"async\" src=\"https:\/\/dymatize.com.co\/cdn\/shop\/files\/Vainilla_aa4f854c-c0ee-4db3-aae7-bd54c2144343.jpg?v=1749693587&amp;width=600\" \/><\/p>\n<p>ISO-100\u00a0es una prote\u00edna de suero de\u00a0DYMATIZE\u00a0ha sido procesada para llegar a la perfecci\u00f3n, 100% hidrolizada e instant\u00e1nea y a trav\u00e9s de 5 controles diferentes de calidad.<\/p>\n<p>Esta es la prote\u00edna es esencial para la recuperaci\u00f3n muscular y el desarrollo muscular, manteniendo un balance positivo de nitr\u00f3geno, que es cr\u00edtico durante periodos de entrenamiento muy intenso.<\/p>\n<p><strong>ISO-100\u00a0contiene:<\/strong><\/p>\n<ul>\n<li>25g de prote\u00edna<\/li>\n<li>5.5gr Bcaas<\/li>\n<li>2.6gr Leucine<\/li>\n<li>76 servicios por envase<\/li>\n<li>INVIMA RSA-0020547-2022<\/li>\n<\/ul>\n<p><strong>COMO TOMAR:<\/strong><\/p>\n<p>Mezclar 1 cucharada con 6 oz de agua fr\u00eda o leche descremada en un vaso o shaker. Utilice entre las comidas principales y antes y despu\u00e9s del ejercicio. Lea toda la etiqueta antes de usar y siga las instrucciones proporcionadas.<\/p>\n","protected":false},"excerpt":{"rendered":"<p><strong>Si quieres m\u00e1s informaci\u00f3n o mejores precios comun\u00edcate con nosotros en nuestro <\/strong><a href=\"https:\/\/www.instagram.com\/nutrifitmaxpereira\/?hl=es\"><strong>Instagram<\/strong><\/a><strong>\u00a0o en nuestro\u00a0<\/strong><a href=\"https:\/\/api.whatsapp.com\/send?phone=573026673078\"><strong>WhatsApp<\/strong><\/a><strong><br \/>\nSi quieres ver m\u00e1s productos de la l\u00ednea ingresa a este\u00a0<\/strong><a href=\"https:\/\/nutrifitmax.co\/index.php\/product-category\/marca\/proscience\/\"><strong>link<\/strong><\/a><strong> ahora.<br \/>\nLos mejores suplementos garantizados los encuentras en NUTRIFITMAX<\/strong><\/p>\n<p>&nbsp;<\/p>\n","protected":false},"featured_media":14278,"comment_status":"open","ping_status":"closed","template":"","meta":{"inline_featured_image":false},"product_brand":[],"product_cat":[102,86,91,88,89],"product_tag":[],"class_list":{"0":"post-13312","1":"product","2":"type-product","3":"status-publish","4":"has-post-thumbnail","6":"product_cat-dymatize","7":"product_cat-marca","8":"product_cat-mas-vendidos","9":"product_cat-proteinas","10":"product_cat-proteinas-hipocaloricas","12":"first","13":"instock","14":"taxable","15":"shipping-taxable","16":"purchasable","17":"product-type-simple","18":"ebbe-col"},"_links":{"self":[{"href":"https:\/\/nutrifitmax.co\/index.php\/wp-json\/wp\/v2\/product\/13312","targetHints":{"allow":["GET"]}}],"collection":[{"href":"https:\/\/nutrifitmax.co\/index.php\/wp-json\/wp\/v2\/product"}],"about":[{"href":"https:\/\/nutrifitmax.co\/index.php\/wp-json\/wp\/v2\/types\/product"}],"replies":[{"embeddable":true,"href":"https:\/\/nutrifitmax.co\/index.php\/wp-json\/wp\/v2\/comments?post=13312"}],"wp:featuredmedia":[{"embeddable":true,"href":"https:\/\/nutrifitmax.co\/index.php\/wp-json\/wp\/v2\/media\/14278"}],"wp:attachment":[{"href":"https:\/\/nutrifitmax.co\/index.php\/wp-json\/wp\/v2\/media?parent=13312"}],"wp:term":[{"taxonomy":"product_brand","embeddable":true,"href":"https:\/\/nutrifitmax.co\/index.php\/wp-json\/wp\/v2\/product_brand?post=13312"},{"taxonomy":"product_cat","embeddable":true,"href":"https:\/\/nutrifitmax.co\/index.php\/wp-json\/wp\/v2\/product_cat?post=13312"},{"taxonomy":"product_tag","embeddable":true,"href":"https:\/\/nutrifitmax.co\/index.php\/wp-json\/wp\/v2\/product_tag?post=13312"}],"curies":[{"name":"wp","href":"https:\/\/api.w.org\/{rel}","templated":true}]}}