{"id":13309,"date":"2025-04-07T19:58:25","date_gmt":"2025-04-07T19:58:25","guid":{"rendered":"https:\/\/nutrifitmax.co\/?post_type=product&#038;p=13309"},"modified":"2026-03-18T21:45:05","modified_gmt":"2026-03-18T21:45:05","slug":"smart-atack-smart-nutrition","status":"publish","type":"product","link":"https:\/\/nutrifitmax.co\/index.php\/product\/smart-atack-smart-nutrition\/","title":{"rendered":"SMART ATACK SMART NUTRITION"},"content":{"rendered":"<p style=\"font-weight: 400;\">SMART STACK es una mezcla en polvo desarrollada con amino\u00e1cidos de alta calidad, sin rellenos ni estimulantes, dise\u00f1ada para apoyar tus objetivos en el gimnasio.\u00a0 Cada porci\u00f3n entrega<b><strong>\u00a0<\/strong><\/b><b><strong>6000 mg de BCAA en proporci\u00f3n 2:1:1, junto a glutamina, HMB, citrulina y taurina,<\/strong><\/b>\u00a0en una combinaci\u00f3n estrat\u00e9gica de amino\u00e1cidos funcionales con respaldo y pureza.<\/p>\n<p style=\"font-weight: 400;\">Adem\u00e1s, contiene\u00a0<b><strong>AstraGin\u00ae<\/strong><\/b><b><strong>,<\/strong><\/b>\u00a0un ingrediente vegetal patentado que mejora la absorci\u00f3n y biodisponibilidad de nutrientes esenciales.<br \/>\n<b><strong>SMART STACK<\/strong><\/b>\u00a0es una f\u00f3rmula confiable, ligera y efectiva que se adapta a cualquier etapa de tu entrenamiento.<\/p>\n<p style=\"font-weight: 400;\">\u00a0Presentaci\u00f3n: 450 g<\/p>\n<p style=\"font-weight: 400;\"><b><strong>REGISTRO INVIMA No: RSA-0025189-2023<\/strong><\/b><\/p>\n","protected":false},"excerpt":{"rendered":"<div class=\"hdt-col-parent content_difference-text hdt-col-12 hdt-col-md-6 hdt-col-lg-5\">\n<div class=\"hdt-content_parent_JQxtTQ hdt-s-gradient hdt-section-spacing\">\n<div id=\"block-text_9KBrRH\" class=\"hdt-text-block hdt-rte hdt-s-text2 hdt-text-base hdt-text-start md:hdt-text-start\">\n<p><span class=\"metafield-multi_line_text_field\">SMART STACK se distingue por su formulaci\u00f3n avanzada que combina amino\u00e1cidos de cadena ramificada (BCAA) en proporci\u00f3n 2:1:1 con glutamina, HMB, citrulina, taurina y L-teanina, en una mezcla balanceada y de alta calidad.<\/p>\n<p>Su f\u00f3rmula es producida en Colombia con materias primas de calidad internacional, sabores frutales suaves, y excelente solubilidad, lo que la convierte en una alternativa confiable, vers\u00e1til y de uso pr\u00e1ctico antes, durante o despu\u00e9s de la actividad f\u00edsica.<br \/>\n<\/span><\/p>\n<\/div>\n<\/div>\n<\/div>\n<div class=\"hdt-col-parent  hdt-col-12 hdt-col-md-6 hdt-col-lg-4\">\n<div class=\"hdt-content_parent_fYVcCH hdt-s-gradient hdt-section-spacing\">\n<div class=\"hdt-image_wrapper hdt-flex hdt-justify-center\">\n<p><strong>Somos distribuidores de SMART NUTRITION\u00ae\u00a0 Si quieres m\u00e1s informaci\u00f3n o mejores precios comun\u00edcate con nosotros en nuestro <a href=\"https:\/\/www.instagram.com\/nutrifitmaxpereira\/?hl=es\">Instagram<\/a>\u00a0o en nuestro\u00a0<a href=\"https:\/\/api.whatsapp.com\/send?phone=573026673078\">WhatsApp<\/a><br \/>\nSi quieres ver m\u00e1s productos de la l\u00ednea ingresa a este\u00a0<a href=\"https:\/\/nutrifitmax.co\/index.php\/product-category\/marca\/proscience\/\">link<\/a> ahora.<br \/>\nLos mejores suplementos garantizados los encuentras en NUTRIFITMAX<\/strong><\/p>\n<\/div>\n<\/div>\n<\/div>\n<p>&nbsp;<\/p>\n","protected":false},"featured_media":13359,"comment_status":"open","ping_status":"closed","template":"","meta":{"inline_featured_image":false},"product_brand":[],"product_cat":[99,96,86,124,106],"product_tag":[],"class_list":{"0":"post-13309","1":"product","2":"type-product","3":"status-publish","4":"has-post-thumbnail","6":"product_cat-creatinas","7":"product_cat-ganancia","8":"product_cat-marca","9":"product_cat-ofertas","10":"product_cat-smart","12":"first","13":"instock","14":"taxable","15":"shipping-taxable","16":"purchasable","17":"product-type-simple","18":"ebbe-col"},"_links":{"self":[{"href":"https:\/\/nutrifitmax.co\/index.php\/wp-json\/wp\/v2\/product\/13309","targetHints":{"allow":["GET"]}}],"collection":[{"href":"https:\/\/nutrifitmax.co\/index.php\/wp-json\/wp\/v2\/product"}],"about":[{"href":"https:\/\/nutrifitmax.co\/index.php\/wp-json\/wp\/v2\/types\/product"}],"replies":[{"embeddable":true,"href":"https:\/\/nutrifitmax.co\/index.php\/wp-json\/wp\/v2\/comments?post=13309"}],"wp:featuredmedia":[{"embeddable":true,"href":"https:\/\/nutrifitmax.co\/index.php\/wp-json\/wp\/v2\/media\/13359"}],"wp:attachment":[{"href":"https:\/\/nutrifitmax.co\/index.php\/wp-json\/wp\/v2\/media?parent=13309"}],"wp:term":[{"taxonomy":"product_brand","embeddable":true,"href":"https:\/\/nutrifitmax.co\/index.php\/wp-json\/wp\/v2\/product_brand?post=13309"},{"taxonomy":"product_cat","embeddable":true,"href":"https:\/\/nutrifitmax.co\/index.php\/wp-json\/wp\/v2\/product_cat?post=13309"},{"taxonomy":"product_tag","embeddable":true,"href":"https:\/\/nutrifitmax.co\/index.php\/wp-json\/wp\/v2\/product_tag?post=13309"}],"curies":[{"name":"wp","href":"https:\/\/api.w.org\/{rel}","templated":true}]}}