{"id":13283,"date":"2025-04-07T19:58:03","date_gmt":"2025-04-07T19:58:03","guid":{"rendered":"https:\/\/nutrifitmax.co\/?post_type=product&#038;p=13283"},"modified":"2026-02-23T20:33:04","modified_gmt":"2026-02-23T20:33:04","slug":"bi-pro-3-libras-nutramerican-vainilla","status":"publish","type":"product","link":"https:\/\/nutrifitmax.co\/index.php\/product\/bi-pro-3-libras-nutramerican-vainilla\/","title":{"rendered":"BI PRO 3 LB NUTRAMERICAN VAINILLA"},"content":{"rendered":"<p><strong>Bipro Classic\u00a0<\/strong>es una prote\u00edna de suero de alta pureza y concentraci\u00f3n, con m\u00ednimos niveles de grasa y lactosa.<\/p>\n<p><strong>Bipro Classic\u00a0<\/strong>es un m\u00f3dulo proteico vers\u00e1til, que se adapta a tu plan nutricional. La prote\u00edna de suero posee bajo peso molecular y r\u00e1pida digesti\u00f3n, haci\u00e9ndola ideal para ser consumida inmediatamente despu\u00e9s de entrenar y as\u00ed logres tu objetivo deseado f\u00e1cilmente.<\/p>\n<p>La prote\u00edna de suero\u00a0<strong>es la mayor fuente natural<\/strong>\u00a0de amino\u00e1cidos de cadena ramificada y amino\u00e1cidos esenciales, haci\u00e9ndola una prote\u00edna ideal para deportistas o personas con altas necesidades proteicas.<\/p>\n<p><strong>Bipro<\/strong>\u00a0puede ser incluido en programas nutricionales con calor\u00edas controladas, obteniendo excelentes resultados, debido a que la prote\u00edna de suero posee el mayor valor biol\u00f3gico de todas las prote\u00ednas.<\/p>\n<p>La prote\u00edna de suero\u00a0<strong>tiene mayor valor nutricional<\/strong>\u00a0que el pollo, la carne o el pescado; pudiendo esta ser incluida en la nutrici\u00f3n de personas, que deseen tener una fuente alterna de prote\u00ednas o incrementar su ingesta proteica.<\/p>\n<ul class=\"list-group list-group-flush my-4\">\n<li class=\"list-group-item\">Registro Invima\u00a0<strong>RSA-0007428-2019<\/strong>.<\/li>\n<\/ul>\n","protected":false},"excerpt":{"rendered":"<p><strong>Si quieres m\u00e1s informaci\u00f3n o mejores precios comun\u00edcate con nosotros en nuestro <\/strong><a href=\"https:\/\/www.instagram.com\/nutrifitmaxpereira\/?hl=es\"><strong>Instagram<\/strong><\/a><strong>\u00a0o en nuestro\u00a0<\/strong><a href=\"https:\/\/api.whatsapp.com\/send?phone=573026673078\"><strong>WhatsApp<\/strong><\/a><strong><br \/>\nSi quieres ver m\u00e1s productos de la l\u00ednea ingresa a este\u00a0<\/strong><a href=\"https:\/\/nutrifitmax.co\/index.php\/product-category\/marca\/proscience\/\"><strong>link<\/strong><\/a><strong> ahora.<br \/>\nLos mejores suplementos garantizados los encuentras en NUTRIFITMAX<\/strong><\/p>\n<p>&nbsp;<\/p>\n","protected":false},"featured_media":14158,"comment_status":"open","ping_status":"closed","template":"","meta":{"inline_featured_image":false},"product_brand":[],"product_cat":[86,91,100,88,103,89],"product_tag":[],"class_list":{"0":"post-13283","1":"product","2":"type-product","3":"status-publish","4":"has-post-thumbnail","6":"product_cat-marca","7":"product_cat-mas-vendidos","8":"product_cat-nutramerican","9":"product_cat-proteinas","10":"product_cat-proteinas-concentradas","11":"product_cat-proteinas-hipocaloricas","13":"first","14":"instock","15":"sale","16":"taxable","17":"shipping-taxable","18":"purchasable","19":"product-type-simple","20":"ebbe-col"},"_links":{"self":[{"href":"https:\/\/nutrifitmax.co\/index.php\/wp-json\/wp\/v2\/product\/13283","targetHints":{"allow":["GET"]}}],"collection":[{"href":"https:\/\/nutrifitmax.co\/index.php\/wp-json\/wp\/v2\/product"}],"about":[{"href":"https:\/\/nutrifitmax.co\/index.php\/wp-json\/wp\/v2\/types\/product"}],"replies":[{"embeddable":true,"href":"https:\/\/nutrifitmax.co\/index.php\/wp-json\/wp\/v2\/comments?post=13283"}],"wp:featuredmedia":[{"embeddable":true,"href":"https:\/\/nutrifitmax.co\/index.php\/wp-json\/wp\/v2\/media\/14158"}],"wp:attachment":[{"href":"https:\/\/nutrifitmax.co\/index.php\/wp-json\/wp\/v2\/media?parent=13283"}],"wp:term":[{"taxonomy":"product_brand","embeddable":true,"href":"https:\/\/nutrifitmax.co\/index.php\/wp-json\/wp\/v2\/product_brand?post=13283"},{"taxonomy":"product_cat","embeddable":true,"href":"https:\/\/nutrifitmax.co\/index.php\/wp-json\/wp\/v2\/product_cat?post=13283"},{"taxonomy":"product_tag","embeddable":true,"href":"https:\/\/nutrifitmax.co\/index.php\/wp-json\/wp\/v2\/product_tag?post=13283"}],"curies":[{"name":"wp","href":"https:\/\/api.w.org\/{rel}","templated":true}]}}