{"id":13207,"date":"2025-04-07T19:55:20","date_gmt":"2025-04-07T19:55:20","guid":{"rendered":"https:\/\/nutrifitmax.co\/?post_type=product&#038;p=13207"},"modified":"2026-02-05T19:14:08","modified_gmt":"2026-02-05T19:14:08","slug":"iso-100-dymatize-3-libras-vainilla","status":"publish","type":"product","link":"https:\/\/nutrifitmax.co\/index.php\/product\/iso-100-dymatize-3-libras-vainilla\/","title":{"rendered":"ISO 100 DYMATIZE 3 LBS VAINILLA"},"content":{"rendered":"<p>La versatilidad de ISO 100 permite integrarlo f\u00e1cilmente en batidos, recetas de reposter\u00eda o incluso en tus comidas. Con su textura suave y sabor excepcional, este suplemento no solo alimenta tu cuerpo, sino que tambi\u00e9n satisface tu paladar.<\/p>\n<p>En resumen, ISO 100 es la elecci\u00f3n ideal\u00a0para quienes buscan un suplemento de prote\u00ednas de alta calidad. Con su capacidad de absorci\u00f3n r\u00e1pida, contenido de BCAA\u2019s y bajo en az\u00facares, este producto est\u00e1 dise\u00f1ado para quienes quieren maximizar su rendimiento f\u00edsico y mental. \u00a1No esperes m\u00e1s y comienza a transformar tus entrenamientos con esta prote\u00edna de calidad Dymatize Nutrition!<\/p>\n<p>Especificaciones t\u00e9cnicas ISO 100 Dymatize Nutrition<\/p>\n<ul>\n<li>Tipo de prote\u00edna: aislado de suero hidrolizado m\u00e1s aislado de prote\u00edna de suero<\/li>\n<li>Contenido por porci\u00f3n: 25 g de prote\u00edna<\/li>\n<li>BCAA\u2019s: 5,7 g por porci\u00f3n<\/li>\n<li>Grasas: muy bajo contenido<\/li>\n<li>Az\u00facares: cero az\u00facar a\u00f1adida<\/li>\n<li>Gluten: no contiene gluten<\/li>\n<li>Sabores disponibles: variados y deliciosos<\/li>\n<li>Uso sugerido: 2-3 porciones al d\u00eda, mezcladas con l\u00edquidos<\/li>\n<\/ul>\n<p>&nbsp;<\/p>\n","protected":false},"excerpt":{"rendered":"<p>Esfu\u00e9rzate m\u00e1s y apoya la recuperaci\u00f3n muscular despu\u00e9s de un entrenamiento extenuante con el poder de absorci\u00f3n y digesti\u00f3n ultrarr\u00e1pido de ISO 100. Uno de los polvos de prote\u00edna de mayor calidad del mercado, est\u00e1 filtrado para eliminar el exceso de lactosa, carbohidratos, grasas y az\u00facar para lograr la m\u00e1xima pureza, mezclabilidad y ganancias. No te l\u00edmites a superar a tus mejores competidores. Supera a todos con el legendario ISO 100.<\/p>\n<p><strong>Si quieres m\u00e1s informaci\u00f3n o mejores precios comun\u00edcate con nosotros en nuestro <\/strong><a href=\"https:\/\/www.instagram.com\/nutrifitmaxpereira\/?hl=es\"><strong>Instagram<\/strong><\/a><strong>\u00a0o en nuestro\u00a0<\/strong><a href=\"https:\/\/api.whatsapp.com\/send?phone=573026673078\"><strong>WhatsApp<\/strong><\/a><strong><br \/>\nSi quieres ver m\u00e1s productos de la l\u00ednea ingresa a este\u00a0<\/strong><a href=\"https:\/\/nutrifitmax.co\/index.php\/product-category\/marca\/proscience\/\"><strong>link<\/strong><\/a><strong> ahora.<br \/>\nLos mejores suplementos garantizados los encuentras en NUTRIFITMAX<\/strong><\/p>\n","protected":false},"featured_media":13262,"comment_status":"open","ping_status":"closed","template":"","meta":{"inline_featured_image":false},"product_brand":[],"product_cat":[85,102,86,88,89],"product_tag":[],"class_list":{"0":"post-13207","1":"product","2":"type-product","3":"status-publish","4":"has-post-thumbnail","6":"product_cat-definicion","7":"product_cat-dymatize","8":"product_cat-marca","9":"product_cat-proteinas","10":"product_cat-proteinas-hipocaloricas","12":"first","13":"instock","14":"taxable","15":"shipping-taxable","16":"purchasable","17":"product-type-simple","18":"ebbe-col"},"_links":{"self":[{"href":"https:\/\/nutrifitmax.co\/index.php\/wp-json\/wp\/v2\/product\/13207","targetHints":{"allow":["GET"]}}],"collection":[{"href":"https:\/\/nutrifitmax.co\/index.php\/wp-json\/wp\/v2\/product"}],"about":[{"href":"https:\/\/nutrifitmax.co\/index.php\/wp-json\/wp\/v2\/types\/product"}],"replies":[{"embeddable":true,"href":"https:\/\/nutrifitmax.co\/index.php\/wp-json\/wp\/v2\/comments?post=13207"}],"wp:featuredmedia":[{"embeddable":true,"href":"https:\/\/nutrifitmax.co\/index.php\/wp-json\/wp\/v2\/media\/13262"}],"wp:attachment":[{"href":"https:\/\/nutrifitmax.co\/index.php\/wp-json\/wp\/v2\/media?parent=13207"}],"wp:term":[{"taxonomy":"product_brand","embeddable":true,"href":"https:\/\/nutrifitmax.co\/index.php\/wp-json\/wp\/v2\/product_brand?post=13207"},{"taxonomy":"product_cat","embeddable":true,"href":"https:\/\/nutrifitmax.co\/index.php\/wp-json\/wp\/v2\/product_cat?post=13207"},{"taxonomy":"product_tag","embeddable":true,"href":"https:\/\/nutrifitmax.co\/index.php\/wp-json\/wp\/v2\/product_tag?post=13207"}],"curies":[{"name":"wp","href":"https:\/\/api.w.org\/{rel}","templated":true}]}}