{"id":13179,"date":"2025-04-07T19:54:58","date_gmt":"2025-04-07T19:54:58","guid":{"rendered":"https:\/\/nutrifitmax.co\/?post_type=product&#038;p=13179"},"modified":"2026-03-18T19:52:33","modified_gmt":"2026-03-18T19:52:33","slug":"isolate-gourmet-5-libras-cookies-and-cream","status":"publish","type":"product","link":"https:\/\/nutrifitmax.co\/index.php\/product\/isolate-gourmet-5-libras-cookies-and-cream\/","title":{"rendered":"ISOLATE GOURMET 5 LB COOKIES AND CREAM"},"content":{"rendered":"<p>Isolate Gourmet contiene aislado de suero l\u00e1cteo obtenido a trav\u00e9s de CFM (Microfiltraci\u00f3n por Flujo Cruzado) proceso utilizado para mejorar la calidad de la prote\u00edna.<\/p>\n<h5><strong>Cada servicio contiene:<\/strong><\/h5>\n<ul>\n<li>30 g de prote\u00edna aislada.<\/li>\n<li>1 g de carbohidratos.<\/li>\n<li>0 g de grasa totales.<\/li>\n<li>0 az\u00facares a\u00f1adidos.<\/li>\n<li>Nutraflora\u00ae (prebi\u00f3ticos) y Lactospore\u00ae (probi\u00f3ticos).<\/li>\n<li>Enzimas Digestivas (Lactasa)<\/li>\n<\/ul>\n<p><strong>Tama\u00f1o de la porci\u00f3n<\/strong>: 34 gr ( 67 Servicio aprox.)\u00a0<strong>Sabor:\u00a0<\/strong> cookies and cream<\/p>\n<p><strong>Ingredientes:<\/strong>\u00a0Prote\u00edna de Suero Lacteo (Contiene Beta-lactobulina, alpha-lactoglobulina, glicomacrop\u00e9ptidos, prote\u00edna aislado), sabor (cookies and cream), Goma Xantana (espesante), Prebi\u00f3ticos (Nutraflora\u00ae) Probi\u00f3ticos (LactoSpore\u00ae) (Bacillus coagulans), Amino\u00e1cidos de Cadena Ramificada (Leucina, Isoleucina, Valina), L-Glutamina, Sucralosa (Edulcorante), Enzima Digestivas (Lactasa). Contiene: Derivados l\u00e1cteos y de la Soya (Lecitina).<\/p>\n<p><strong>Modo de uso:<\/strong>\u00a0Mezclar 2 cucharadas (34g)\u00a0 de ISOLATE GOURMET en 8 oz (240 mL) de agua y agitar hasta obtener una mezcla homog\u00e9nea. Una vez\u00a0 preparado, cons\u00famase en el menor tiempo posible.<\/p>\n<p><strong>TOMAR ISOLATE GOURMET\u00a0<\/strong><\/p>\n<ul>\n<li>Antes y\/o despu\u00e9s del entrenamiento.<\/li>\n<li>En cualquier momento: Consumir entre las comidas principales, como un snack saludable.<\/li>\n<\/ul>\n<p><strong>M\u00e9todo de conservaci\u00f3n:<\/strong>\u00a0El producto debe estar almacenado en su empaque original a temperatura inferior a 30\u00b0C y a una humedad relativa inferior a 75%. No introducir elementos h\u00famedos, despu\u00e9s de abierto consumase en el menor tiempo posible.<\/p>\n<p><strong>ADVERTENCIA:<\/strong>\u00a0Este producto no pretende diagnosticar, tratar, curar, o prevenir enfermedades. Este producto es un alimento y no debe ser usado como sustituto de una dieta equilibrada.<\/p>\n<p><strong>Reg. San. INVIMA No.\u00a0RSA-0030493-2024<\/strong><\/p>\n","protected":false},"excerpt":{"rendered":"<p><strong>Nuevo sabor Cookies and Cream<\/strong><\/p>\n<p>Nutrici\u00f3n de alto nivel, te aporta 30 g prote\u00edna de aislado de suero l\u00e1cteo, sin az\u00facares, con un sabor gourmet Cookies and Cream.<\/p>\n<p>ISOLATE GOURMET contiene aislado de suero l\u00e1cteo que aporta 30 gr de prote\u00edna, 0 az\u00facares a\u00f1adidos, libre de carbohidratos y grasas. Contiene amino\u00e1cidos de cadena ramificada (L-leucina, L-valina, L-isoleucina), glutamina, probi\u00f3ticos, prebi\u00f3ticos y enzima digestiva (Lactasa).<br \/>\nSabor:\u00a0 Cookies and Cream.<\/p>\n<p>Las prote\u00ednas limpias o isolate son fuentes de prote\u00ednas de alta calidad que han sido cuidadosamente seleccionadas en Vitanas, nos enorgullece ofrecer una selecci\u00f3n cuidadosamente de prote\u00ednas limpias que se ajustan a los est\u00e1ndares m\u00e1s exigentes de calidad y pureza. ISOLATE GOURMET contiene aislado de suero l\u00e1cteo que aporta 30 gr de prote\u00edna, 0 az\u00facares a\u00f1adidos, libre de carbohidratos y grasas.<\/p>\n<p><strong>Somos distribuidores de VITANAS\u00ae\u00a0 Si quieres m\u00e1s informaci\u00f3n o mejores precios comun\u00edcate con nosotros en nuestro <a href=\"https:\/\/www.instagram.com\/nutrifitmaxpereira\/?hl=es\">Instagram<\/a>\u00a0o en nuestro\u00a0<a href=\"https:\/\/api.whatsapp.com\/send?phone=573026673078\">WhatsApp<\/a><br \/>\nSi quieres ver m\u00e1s productos de la l\u00ednea ingresa a este\u00a0<a href=\"https:\/\/nutrifitmax.co\/index.php\/product-category\/marca\/proscience\/\">link<\/a> ahora.<br \/>\nLos mejores suplementos garantizados los encuentras en NUTRIFITMAX<\/strong><\/p>\n","protected":false},"featured_media":14280,"comment_status":"open","ping_status":"closed","template":"","meta":{"inline_featured_image":false},"product_brand":[],"product_cat":[86,124,88,89,104],"product_tag":[],"class_list":{"0":"post-13179","1":"product","2":"type-product","3":"status-publish","4":"has-post-thumbnail","6":"product_cat-marca","7":"product_cat-ofertas","8":"product_cat-proteinas","9":"product_cat-proteinas-hipocaloricas","10":"product_cat-vitanas","12":"first","13":"instock","14":"sale","15":"taxable","16":"shipping-taxable","17":"purchasable","18":"product-type-simple","19":"ebbe-col"},"_links":{"self":[{"href":"https:\/\/nutrifitmax.co\/index.php\/wp-json\/wp\/v2\/product\/13179","targetHints":{"allow":["GET"]}}],"collection":[{"href":"https:\/\/nutrifitmax.co\/index.php\/wp-json\/wp\/v2\/product"}],"about":[{"href":"https:\/\/nutrifitmax.co\/index.php\/wp-json\/wp\/v2\/types\/product"}],"replies":[{"embeddable":true,"href":"https:\/\/nutrifitmax.co\/index.php\/wp-json\/wp\/v2\/comments?post=13179"}],"wp:featuredmedia":[{"embeddable":true,"href":"https:\/\/nutrifitmax.co\/index.php\/wp-json\/wp\/v2\/media\/14280"}],"wp:attachment":[{"href":"https:\/\/nutrifitmax.co\/index.php\/wp-json\/wp\/v2\/media?parent=13179"}],"wp:term":[{"taxonomy":"product_brand","embeddable":true,"href":"https:\/\/nutrifitmax.co\/index.php\/wp-json\/wp\/v2\/product_brand?post=13179"},{"taxonomy":"product_cat","embeddable":true,"href":"https:\/\/nutrifitmax.co\/index.php\/wp-json\/wp\/v2\/product_cat?post=13179"},{"taxonomy":"product_tag","embeddable":true,"href":"https:\/\/nutrifitmax.co\/index.php\/wp-json\/wp\/v2\/product_tag?post=13179"}],"curies":[{"name":"wp","href":"https:\/\/api.w.org\/{rel}","templated":true}]}}