{"id":13173,"date":"2025-04-07T19:54:57","date_gmt":"2025-04-07T19:54:57","guid":{"rendered":"https:\/\/nutrifitmax.co\/?post_type=product&#038;p=13173"},"modified":"2026-01-20T17:28:41","modified_gmt":"2026-01-20T17:28:41","slug":"caja-smart-bar-12-unidades-fresa","status":"publish","type":"product","link":"https:\/\/nutrifitmax.co\/index.php\/product\/caja-smart-bar-12-unidades-fresa\/","title":{"rendered":"CAJA SMART BAR 12 UNIDADES FRESA"},"content":{"rendered":"<p>Caja de barras x 12 unidades<\/p>\n<p>Una barra pr\u00e1ctica con prote\u00edna de suero y sin az\u00facar a\u00f1adida.<\/p>\n<p>SMARTBAR PROTEIN es una barra pr\u00e1ctica y sabrosa con\u00a021\u202fg de prote\u00edna\u00a0por porci\u00f3n, hecha con\u00a0prote\u00edna de suero de leche.\u00a0No contiene az\u00facar a\u00f1adida y es\u00a0libre de gluten,\u00a0ideal para quienes cuidan cada detalle de su alimentaci\u00f3n.<\/p>\n<p>Con sabores como\u00a0vainilla, fresa y chocolate,\u00a0y con una textura agradable para disfrutar en cualquier momento del d\u00eda como snack o como parte de tus preparaciones.<\/p>\n<p>REGISTRO INVIMA No. NSA-0013537-2023<\/p>\n","protected":false},"excerpt":{"rendered":"<p><strong>Si quieres m\u00e1s informaci\u00f3n o mejores precios comun\u00edcate con nosotros en nuestro <\/strong><a href=\"https:\/\/www.instagram.com\/nutrifitmaxpereira\/?hl=es\"><strong>Instagram<\/strong><\/a><strong>\u00a0o en nuestro\u00a0<\/strong><a href=\"https:\/\/api.whatsapp.com\/send?phone=573026673078\"><strong>WhatsApp<\/strong><\/a><strong><br \/>\nSi quieres ver m\u00e1s productos de la l\u00ednea ingresa a este\u00a0<\/strong><a href=\"https:\/\/nutrifitmax.co\/index.php\/product-category\/marca\/proscience\/\"><strong>link<\/strong><\/a><strong> ahora.<br \/>\nLos mejores suplementos garantizados los encuentras en NUTRIFITMAX<\/strong><\/p>\n","protected":false},"featured_media":14206,"comment_status":"open","ping_status":"closed","template":"","meta":{"inline_featured_image":false},"product_brand":[],"product_cat":[86,126,88,106,107],"product_tag":[],"class_list":{"0":"post-13173","1":"product","2":"type-product","3":"status-publish","4":"has-post-thumbnail","6":"product_cat-marca","7":"product_cat-market-saludable","8":"product_cat-proteinas","9":"product_cat-smart","10":"product_cat-snacks","12":"first","13":"instock","14":"taxable","15":"shipping-taxable","16":"purchasable","17":"product-type-simple","18":"ebbe-col","19":"product-has-gallery"},"_links":{"self":[{"href":"https:\/\/nutrifitmax.co\/index.php\/wp-json\/wp\/v2\/product\/13173","targetHints":{"allow":["GET"]}}],"collection":[{"href":"https:\/\/nutrifitmax.co\/index.php\/wp-json\/wp\/v2\/product"}],"about":[{"href":"https:\/\/nutrifitmax.co\/index.php\/wp-json\/wp\/v2\/types\/product"}],"replies":[{"embeddable":true,"href":"https:\/\/nutrifitmax.co\/index.php\/wp-json\/wp\/v2\/comments?post=13173"}],"wp:featuredmedia":[{"embeddable":true,"href":"https:\/\/nutrifitmax.co\/index.php\/wp-json\/wp\/v2\/media\/14206"}],"wp:attachment":[{"href":"https:\/\/nutrifitmax.co\/index.php\/wp-json\/wp\/v2\/media?parent=13173"}],"wp:term":[{"taxonomy":"product_brand","embeddable":true,"href":"https:\/\/nutrifitmax.co\/index.php\/wp-json\/wp\/v2\/product_brand?post=13173"},{"taxonomy":"product_cat","embeddable":true,"href":"https:\/\/nutrifitmax.co\/index.php\/wp-json\/wp\/v2\/product_cat?post=13173"},{"taxonomy":"product_tag","embeddable":true,"href":"https:\/\/nutrifitmax.co\/index.php\/wp-json\/wp\/v2\/product_tag?post=13173"}],"curies":[{"name":"wp","href":"https:\/\/api.w.org\/{rel}","templated":true}]}}