{"id":13147,"date":"2025-04-07T19:54:31","date_gmt":"2025-04-07T19:54:31","guid":{"rendered":"https:\/\/nutrifitmax.co\/?post_type=product&#038;p=13147"},"modified":"2026-01-13T22:10:30","modified_gmt":"2026-01-13T22:10:30","slug":"amino-energy-30-servicios-watermelon","status":"publish","type":"product","link":"https:\/\/nutrifitmax.co\/index.php\/product\/amino-energy-30-servicios-watermelon\/","title":{"rendered":"AMINO ENERGY 30 SERVICIOS WATERMELON"},"content":{"rendered":"<p>La combinaci\u00f3n de amino\u00e1cidos ramificados con cafe\u00edna puede ser de gran efectividad para mejorar la recuperaci\u00f3n muscular, mejorar el rendimiento, mejorar el enfoque mental y hasta facilitar la perdida de grasa corporal.<\/p>\n<p>Este producto es vers\u00e1til ya que se puede usar tanto como una bebida hidratante en el d\u00eda a d\u00eda, as\u00ed como un producto pre-entreno. Por una parte, los amino\u00e1cidos, son bloques constructores de prote\u00edna que van a facilitar una mejor recuperaci\u00f3n de la masa muscular y mejora del rendimiento f\u00edsico. Por otra parte, la cafe\u00edna que incorpora se encuentra en una dosis baja que permite un est\u00edmulo del sistema nervioso central para lograr un mayor enfoque mental y concentraci\u00f3n, lo cual puede ser una gran ventaja durante la actividad f\u00edsica.<\/p>\n<p><strong>BENEFICIOS\u00a0<\/strong><\/p>\n<ul>\n<li>Mejora la recuperaci\u00f3n post-entreno<\/li>\n<li>Mejora el rendimiento<\/li>\n<li>Aumenta la masa muscular<\/li>\n<li>Aumento de la s\u00edntesis proteica<\/li>\n<li>Aumenta la energ\u00eda<\/li>\n<li>Delicioso sabor<\/li>\n<\/ul>\n<p><strong><span class=\"bnf\">MODO DE USO AMINO ENERGY<\/span><\/strong><\/p>\n<p>Mezcla 1-2 scoop en agua fr\u00eda 30 minutos antes del entrenamiento o durante la sesi\u00f3n de entrenamiento<\/p>\n<p><strong><span class=\"bnf\">RECOMENDACIONES ADICIONALES<\/span><\/strong><\/p>\n<p>Para optimizar tu rendimiento puedes a\u00f1adir creatina<br \/>\nNo excedas la dosis recomendada<br \/>\nNo recomendado para menores de 18 a\u00f1os<br \/>\nSi estas bajo el cuidado de un medico, cons\u00faltalo antes de usarlo<\/p>\n<p>ALMACENAR EN UN LUGAR FRESCO Y MANTENER FUERA DEL ALCANCE DE LOS NI\u00d1OS<\/p>\n","protected":false},"excerpt":{"rendered":"<p><strong>Amino Energy 30 Servicios ON<\/strong><\/p>\n<p>Amino Energy es un suplemento que combina amino\u00e1cidos con compuestos energizantes para mejorar el rendimiento f\u00edsico y mental. Te brinda una mayor vitalidad, mejora la recuperaci\u00f3n muscular y optimiza la reducci\u00f3n de la fatiga.<\/p>\n<p><strong>Si quieres m\u00e1s informaci\u00f3n o mejores precios comun\u00edcate con nosotros en nuestro <\/strong><a href=\"https:\/\/www.instagram.com\/nutrifitmaxpereira\/?hl=es\"><strong>Instagram<\/strong><\/a><strong>\u00a0o en nuestro\u00a0<\/strong><a href=\"https:\/\/api.whatsapp.com\/send?phone=573026673078\"><strong>WhatsApp<\/strong><\/a><strong><br \/>\nSi quieres ver m\u00e1s productos de la l\u00ednea ingresa a este\u00a0<\/strong><a href=\"https:\/\/nutrifitmax.co\/index.php\/product-category\/marca\/proscience\/\"><strong>link<\/strong><\/a><strong> ahora.<br \/>\nLos mejores suplementos garantizados los encuentras en NUTRIFITMAX<\/strong><\/p>\n","protected":false},"featured_media":13212,"comment_status":"open","ping_status":"closed","template":"","meta":{"inline_featured_image":false},"product_brand":[],"product_cat":[93,86,91,90,95],"product_tag":[],"class_list":{"0":"post-13147","1":"product","2":"type-product","3":"status-publish","4":"has-post-thumbnail","6":"product_cat-aminoacidos","7":"product_cat-marca","8":"product_cat-mas-vendidos","9":"product_cat-on","10":"product_cat-recuperacion","12":"first","13":"instock","14":"taxable","15":"shipping-taxable","16":"purchasable","17":"product-type-simple","18":"ebbe-col"},"_links":{"self":[{"href":"https:\/\/nutrifitmax.co\/index.php\/wp-json\/wp\/v2\/product\/13147","targetHints":{"allow":["GET"]}}],"collection":[{"href":"https:\/\/nutrifitmax.co\/index.php\/wp-json\/wp\/v2\/product"}],"about":[{"href":"https:\/\/nutrifitmax.co\/index.php\/wp-json\/wp\/v2\/types\/product"}],"replies":[{"embeddable":true,"href":"https:\/\/nutrifitmax.co\/index.php\/wp-json\/wp\/v2\/comments?post=13147"}],"wp:featuredmedia":[{"embeddable":true,"href":"https:\/\/nutrifitmax.co\/index.php\/wp-json\/wp\/v2\/media\/13212"}],"wp:attachment":[{"href":"https:\/\/nutrifitmax.co\/index.php\/wp-json\/wp\/v2\/media?parent=13147"}],"wp:term":[{"taxonomy":"product_brand","embeddable":true,"href":"https:\/\/nutrifitmax.co\/index.php\/wp-json\/wp\/v2\/product_brand?post=13147"},{"taxonomy":"product_cat","embeddable":true,"href":"https:\/\/nutrifitmax.co\/index.php\/wp-json\/wp\/v2\/product_cat?post=13147"},{"taxonomy":"product_tag","embeddable":true,"href":"https:\/\/nutrifitmax.co\/index.php\/wp-json\/wp\/v2\/product_tag?post=13147"}],"curies":[{"name":"wp","href":"https:\/\/api.w.org\/{rel}","templated":true}]}}