{"id":13048,"date":"2025-04-07T19:52:55","date_gmt":"2025-04-07T19:52:55","guid":{"rendered":"https:\/\/nutrifitmax.co\/?post_type=product&#038;p=13048"},"modified":"2026-01-20T17:26:56","modified_gmt":"2026-01-20T17:26:56","slug":"gl-glutamina-smart","status":"publish","type":"product","link":"https:\/\/nutrifitmax.co\/index.php\/product\/gl-glutamina-smart\/","title":{"rendered":"GL SMART GLUTAMINA LIMON"},"content":{"rendered":"<h5><img fetchpriority=\"high\" decoding=\"async\" class=\"alignnone size-medium wp-image-8096\" src=\"https:\/\/nutrifitmax.co\/wp-content\/uploads\/2021\/03\/Mesa-de-trabajo-2-510x516-1-297x300.webp\" alt=\"\" width=\"297\" height=\"300\" \/><\/h5>\n<p>&nbsp;<\/p>\n<h5>GL GLUTAMINA SMART<\/h5>\n<h5>Glutamina ultra filtrada y de f\u00e1cil absorci\u00f3n. Suplemento indispensable para tu nutrici\u00f3n deportiva, sobre todo\u00a0si quieres que tus m\u00fasculos recuperen la energ\u00eda mas r\u00e1pidamente.<\/h5>\n<h5><strong>C\u00f3mo act\u00faa Glutamina en tu cuerpo:<\/strong><\/h5>\n<h5><strong>La glutamina<\/strong>\u00a0tiene una numerosa lista de beneficios en tu nutrici\u00f3n y entrenamiento: Ayuda al tejido muscular, recuperando en la mitad del tiempo para seguir entrenando sin desgastar el m\u00fasculo, ayuda a sostener tu masa muscular ganada, te ayuda a crear masa muscular limpia.<\/h5>\n<h5><strong>La Glutamina<\/strong>, un amino\u00e1cido esencial que en nuestro cuerpo se encuentra en casi todos los tejidos y que interviene directamente en la reconstrucci\u00f3n y formaci\u00f3n de los tejidos.<\/h5>\n<h5>Con ella\u00a0tienes asegurado que tus entrenamientos no van a ser en vano ya que ayuda al mantenimiento y reconstrucci\u00f3n de tus m\u00fasculos.<\/h5>\n<ul>\n<li>\n<h5>Evita fatiga<\/h5>\n<\/li>\n<li>\n<h5>Favorece aumento de masa muscular.<\/h5>\n<\/li>\n<li>\n<h5>Favorece la concentraci\u00f3n<\/h5>\n<\/li>\n<li>\n<h5>Mejora la s\u00edntesis de prote\u00ednas.<\/h5>\n<\/li>\n<li>\n<h5>Potencia, rendimiento y ganancia de m\u00fasculo.<\/h5>\n<\/li>\n<li>\n<h5>Regenera y recupera los tejidos musculares da\u00f1ados o rotos.<\/h5>\n<\/li>\n<li>\n<h5>Acelera los procesos de recuperaci\u00f3n muscular.<\/h5>\n<\/li>\n<li>\n<h5>Evita el catabolismo muscular.<\/h5>\n<\/li>\n<li>\n<h5>mantiene el equilibrio de nitr\u00f3geno.<\/h5>\n<\/li>\n<\/ul>\n<h5><strong>REGISTRO INVIMA RSA-005130-2018\u00a0<\/strong><\/h5>\n","protected":false},"excerpt":{"rendered":"<p><img decoding=\"async\" src=\"https:\/\/nutrifitmax.co\/wp-content\/uploads\/2021\/03\/GLUTA-SMART-150x150.png\" \/><\/p>\n<p>GL GLUTAMINA SMART<\/p>\n<h4>Glutamina ultra filtrada y de f\u00e1cil absorci\u00f3n. Suplemento indispensable para tu nutrici\u00f3n deportiva, sobre todo\u00a0si quieres que tus m\u00fasculos recuperen la energ\u00eda mas r\u00e1pidamente.<\/h4>\n","protected":false},"featured_media":13107,"comment_status":"open","ping_status":"closed","template":"","meta":{"inline_featured_image":false},"product_brand":[],"product_cat":[93,120,86,106],"product_tag":[],"class_list":{"0":"post-13048","1":"product","2":"type-product","3":"status-publish","4":"has-post-thumbnail","6":"product_cat-aminoacidos","7":"product_cat-glutaminas","8":"product_cat-marca","9":"product_cat-smart","11":"first","12":"instock","13":"taxable","14":"shipping-taxable","15":"purchasable","16":"product-type-simple","17":"ebbe-col","18":"product-has-gallery"},"_links":{"self":[{"href":"https:\/\/nutrifitmax.co\/index.php\/wp-json\/wp\/v2\/product\/13048","targetHints":{"allow":["GET"]}}],"collection":[{"href":"https:\/\/nutrifitmax.co\/index.php\/wp-json\/wp\/v2\/product"}],"about":[{"href":"https:\/\/nutrifitmax.co\/index.php\/wp-json\/wp\/v2\/types\/product"}],"replies":[{"embeddable":true,"href":"https:\/\/nutrifitmax.co\/index.php\/wp-json\/wp\/v2\/comments?post=13048"}],"wp:featuredmedia":[{"embeddable":true,"href":"https:\/\/nutrifitmax.co\/index.php\/wp-json\/wp\/v2\/media\/13107"}],"wp:attachment":[{"href":"https:\/\/nutrifitmax.co\/index.php\/wp-json\/wp\/v2\/media?parent=13048"}],"wp:term":[{"taxonomy":"product_brand","embeddable":true,"href":"https:\/\/nutrifitmax.co\/index.php\/wp-json\/wp\/v2\/product_brand?post=13048"},{"taxonomy":"product_cat","embeddable":true,"href":"https:\/\/nutrifitmax.co\/index.php\/wp-json\/wp\/v2\/product_cat?post=13048"},{"taxonomy":"product_tag","embeddable":true,"href":"https:\/\/nutrifitmax.co\/index.php\/wp-json\/wp\/v2\/product_tag?post=13048"}],"curies":[{"name":"wp","href":"https:\/\/api.w.org\/{rel}","templated":true}]}}