{"id":12977,"date":"2025-04-07T19:51:06","date_gmt":"2025-04-07T19:51:06","guid":{"rendered":"https:\/\/nutrifitmax.co\/?post_type=product&#038;p=12977"},"modified":"2026-02-23T20:36:03","modified_gmt":"2026-02-23T20:36:03","slug":"bi-pro-ripped-2-4-libras-nutramerican","status":"publish","type":"product","link":"https:\/\/nutrifitmax.co\/index.php\/product\/bi-pro-ripped-2-4-libras-nutramerican\/","title":{"rendered":"BI PRO RIPPED 2.4 LBS NUTRAMERICAN VAINILLA"},"content":{"rendered":"<h4><img decoding=\"async\" src=\"https:\/\/nutrifitmax.co\/wp-content\/uploads\/2021\/02\/BI-PRO-RIPPED-150x150.jpg\" \/>BI PRO RIPPED 2.4 LIBRAS UPN<\/h4>\n<h4><strong>Descripci\u00f3n<\/strong><\/h4>\n<h4>BiPro-Ripped\u00a0es una f\u00f3rmula nutricional elaborada a base de prote\u00edna de suero y case\u00edna, prote\u00ednas l\u00e1cteas con excelentes perfiles nutricionales y diferentes velocidades de absorci\u00f3n, contiene en su f\u00f3rmula L-Carnitina y Picolinato de cromo, en las proporciones adecuadas.<\/h4>\n<h4>BiPro-Ripped\u00a0contiene avena como fuente de carbohidratos, ideal para personas que buscan alimentos con fibra y bajo \u00edndice gluc\u00e9mico. Adem\u00e1s posee el m\u00e1s delicioso y cremoso sabor para disfrutar al m\u00e1ximo el programa nutricional.<\/h4>\n<h4><strong>Presentaci\u00f3n<\/strong><strong>\u00a0<\/strong><\/h4>\n<h4>2.4 Libras<\/h4>\n<h4><strong>Tabla Nutricional Bi Pro\u00a0Ripped<\/strong><\/h4>\n<h4><strong>Cantidades por porci\u00f3n (54 gramos)<\/strong><\/h4>\n<ul>\n<li>\n<h4>210 calor\u00edas<\/h4>\n<\/li>\n<li>\n<h4>1 gramo grasa total<\/h4>\n<\/li>\n<li>\n<h4>20 gramos Carbohidratos Totales<\/h4>\n<\/li>\n<li>\n<h4>1 gramo Az\u00facares<\/h4>\n<\/li>\n<li>\n<h4>30 gramos prote\u00edna<\/h4>\n<\/li>\n<li>\n<h4>1 gramo L Carnitina<\/h4>\n<\/li>\n<li>\n<h4>400 mcg Picolinato de Cromo<\/h4>\n<\/li>\n<\/ul>\n<h4><strong>REGISTRO INVIMA RSAVA02|31911 <\/strong><\/h4>\n","protected":false},"excerpt":{"rendered":"<p><img decoding=\"async\" src=\"https:\/\/nutrifitmax.co\/wp-content\/uploads\/2021\/02\/BI-PRO-RIPPED-150x150.jpg\" \/><\/p>\n<p>BI PRO RIPPED 2.4 LIBRAS UPN<\/p>\n<h4>BiPro-Ripped\u00a0es una f\u00f3rmula nutricional elaborada a base de prote\u00edna de suero y case\u00edna, prote\u00ednas l\u00e1cteas con excelentes perfiles nutricionales y diferentes velocidades de absorci\u00f3n, contiene en su f\u00f3rmula L-Carnitina y Picolinato de cromo, en las proporciones adecuadas.<\/h4>\n","protected":false},"featured_media":13034,"comment_status":"open","ping_status":"closed","template":"","meta":{"inline_featured_image":false},"product_brand":[],"product_cat":[85,86,100,88,103,89],"product_tag":[],"class_list":{"0":"post-12977","1":"product","2":"type-product","3":"status-publish","4":"has-post-thumbnail","6":"product_cat-definicion","7":"product_cat-marca","8":"product_cat-nutramerican","9":"product_cat-proteinas","10":"product_cat-proteinas-concentradas","11":"product_cat-proteinas-hipocaloricas","13":"first","14":"instock","15":"sale","16":"taxable","17":"shipping-taxable","18":"purchasable","19":"product-type-simple","20":"ebbe-col","21":"product-has-gallery"},"_links":{"self":[{"href":"https:\/\/nutrifitmax.co\/index.php\/wp-json\/wp\/v2\/product\/12977","targetHints":{"allow":["GET"]}}],"collection":[{"href":"https:\/\/nutrifitmax.co\/index.php\/wp-json\/wp\/v2\/product"}],"about":[{"href":"https:\/\/nutrifitmax.co\/index.php\/wp-json\/wp\/v2\/types\/product"}],"replies":[{"embeddable":true,"href":"https:\/\/nutrifitmax.co\/index.php\/wp-json\/wp\/v2\/comments?post=12977"}],"wp:featuredmedia":[{"embeddable":true,"href":"https:\/\/nutrifitmax.co\/index.php\/wp-json\/wp\/v2\/media\/13034"}],"wp:attachment":[{"href":"https:\/\/nutrifitmax.co\/index.php\/wp-json\/wp\/v2\/media?parent=12977"}],"wp:term":[{"taxonomy":"product_brand","embeddable":true,"href":"https:\/\/nutrifitmax.co\/index.php\/wp-json\/wp\/v2\/product_brand?post=12977"},{"taxonomy":"product_cat","embeddable":true,"href":"https:\/\/nutrifitmax.co\/index.php\/wp-json\/wp\/v2\/product_cat?post=12977"},{"taxonomy":"product_tag","embeddable":true,"href":"https:\/\/nutrifitmax.co\/index.php\/wp-json\/wp\/v2\/product_tag?post=12977"}],"curies":[{"name":"wp","href":"https:\/\/api.w.org\/{rel}","templated":true}]}}