{"id":12965,"date":"2025-04-07T19:51:05","date_gmt":"2025-04-07T19:51:05","guid":{"rendered":"https:\/\/nutrifitmax.co\/?post_type=product&#038;p=12965"},"modified":"2026-02-23T20:41:25","modified_gmt":"2026-02-23T20:41:25","slug":"gainz-6-4-lb-nutramerican","status":"publish","type":"product","link":"https:\/\/nutrifitmax.co\/index.php\/product\/gainz-6-4-lb-nutramerican\/","title":{"rendered":"GAINZ 6.4 LBS NUTRAMERICAN VAINILLA"},"content":{"rendered":"<h4>GAINZ 6.4 LB NUTRAMERICAN<\/h4>\n<ol>\n<li>\n<h4>GAINZ es un producto de \u00faltima generaci\u00f3n que incluye en su f\u00f3rmula 65 gramos de prote\u00edna y un masivo aporte de calor\u00edas por porci\u00f3n, ideal para atletas de alto rendimiento cuyos requerimientos cal\u00f3ricos son exigentes o personas que deseen potencializar los resultados deseados.<\/h4>\n<\/li>\n<\/ol>\n<h4>GAINZ incluye en su f\u00f3rmula el ingrediente HMB (Beta Hidroxibetametil butirato), utilizado altamente por atletas y personas en general, gracias a sus excelentes beneficios.<\/h4>\n<h4>USO SUGERIDO: Consuma inmediatamente despu\u00e9s del entrenamiento o entre comidas. Mezcle 4 medidas (290 gramos) de GAINZ en 700ml de agua o su bebida preferida, y disfrute de un delicioso batido (puede adicionar de acuerdo a su gusto; yogurt, helado, banano o fresas para aumentar el contenido cal\u00f3rico). Incluye dosificador.<\/h4>\n<h4><strong>REGISTRO INVIMA RSA-0007371-2019<\/strong><\/h4>\n<h4><\/h4>\n<h4><strong>Somos distribuidores de SMART NUTRITION\u00a0 Si quieres mas informaci\u00f3n o mejores precios comun\u00edcate con nosotros en nuestro <a href=\"https:\/\/www.instagram.com\/nutrifitmaxpereira\/?hl=es\">Instagram<\/a> O\u00a0 en nuestro <a href=\"https:\/\/api.whatsapp.com\/send?phone=573116363698\">WhatsApp<\/a> Si quieres Ver m\u00e1s productos de la l\u00ednea ingresa a este <a href=\"https:\/\/nutrifitmax.co\/product-category\/marca\/nutramerican\/\">link<\/a> ahora.<br \/>\nLos mejores suplementos garantizados los encuentras en NUTRIFITMAX<\/strong><\/h4>\n","protected":false},"excerpt":{"rendered":"<p><img decoding=\"async\" src=\"https:\/\/nutrifitmax.co\/wp-content\/uploads\/2021\/02\/gainz128-promo-12.8-libras-150x150.jpg\" \/><\/p>\n<p>GAINZ 6.4 LB NUTRAMERICAN<\/p>\n<ol>\n<li>GAINZ es un producto de \u00faltima generaci\u00f3n que incluye en su f\u00f3rmula 65 gramos de prote\u00edna y un masivo aporte de calor\u00edas por porci\u00f3n, ideal para atletas de alto rendimiento cuyos requerimientos cal\u00f3ricos son exigentes o personas que deseen potencializar los resultados deseados.<\/li>\n<\/ol>\n","protected":false},"featured_media":13020,"comment_status":"open","ping_status":"closed","template":"","meta":{"inline_featured_image":false},"product_brand":[],"product_cat":[96,86,100,88,98],"product_tag":[],"class_list":{"0":"post-12965","1":"product","2":"type-product","3":"status-publish","4":"has-post-thumbnail","6":"product_cat-ganancia","7":"product_cat-marca","8":"product_cat-nutramerican","9":"product_cat-proteinas","10":"product_cat-proteinas-ganadoras-de-peso","12":"first","13":"instock","14":"sale","15":"taxable","16":"shipping-taxable","17":"purchasable","18":"product-type-simple","19":"ebbe-col","20":"product-has-gallery"},"_links":{"self":[{"href":"https:\/\/nutrifitmax.co\/index.php\/wp-json\/wp\/v2\/product\/12965","targetHints":{"allow":["GET"]}}],"collection":[{"href":"https:\/\/nutrifitmax.co\/index.php\/wp-json\/wp\/v2\/product"}],"about":[{"href":"https:\/\/nutrifitmax.co\/index.php\/wp-json\/wp\/v2\/types\/product"}],"replies":[{"embeddable":true,"href":"https:\/\/nutrifitmax.co\/index.php\/wp-json\/wp\/v2\/comments?post=12965"}],"wp:featuredmedia":[{"embeddable":true,"href":"https:\/\/nutrifitmax.co\/index.php\/wp-json\/wp\/v2\/media\/13020"}],"wp:attachment":[{"href":"https:\/\/nutrifitmax.co\/index.php\/wp-json\/wp\/v2\/media?parent=12965"}],"wp:term":[{"taxonomy":"product_brand","embeddable":true,"href":"https:\/\/nutrifitmax.co\/index.php\/wp-json\/wp\/v2\/product_brand?post=12965"},{"taxonomy":"product_cat","embeddable":true,"href":"https:\/\/nutrifitmax.co\/index.php\/wp-json\/wp\/v2\/product_cat?post=12965"},{"taxonomy":"product_tag","embeddable":true,"href":"https:\/\/nutrifitmax.co\/index.php\/wp-json\/wp\/v2\/product_tag?post=12965"}],"curies":[{"name":"wp","href":"https:\/\/api.w.org\/{rel}","templated":true}]}}