{"id":12895,"date":"2025-04-07T19:49:39","date_gmt":"2025-04-07T19:49:39","guid":{"rendered":"https:\/\/nutrifitmax.co\/?post_type=product&#038;p=12895"},"modified":"2026-01-21T14:58:19","modified_gmt":"2026-01-21T14:58:19","slug":"amino-energy-optimum-nutrition-65-servicios-2","status":"publish","type":"product","link":"https:\/\/nutrifitmax.co\/index.php\/product\/amino-energy-optimum-nutrition-65-servicios-2\/","title":{"rendered":"AMINO ENERGY OPTIMUM NUTRITION 65 SERVICIOS"},"content":{"rendered":"<p>ESSENTIAL AMINO ENERGY\u2122 de OPTIMUM NUTRITION combina un excelente \u00edndice de amino\u00e1cidos libres de r\u00e1pida absorci\u00f3n (incluyendo amino\u00e1cidos de cadena ramificada para formar m\u00fasculo y arginina para unos bombeos vasculares intensos) con energizantes naturales, beta alanina e ingredientes para incrementar los \u00edndices de \u00f3xido n\u00edtrico.<\/p>\n<p>Con tan solo 10 calor\u00edas por dosis, ESSENTIAL AMINO ENERGY\u2122 le da todo lo que necesita sin perjudicar su dieta.<\/p>\n<p>Puede tomar ESSENTIAL AMINO ENERGY\u2122 solo o mezcl\u00e1ndolo con sus suplementos en polvo favoritos siempre que necesite m\u00e1s concentraci\u00f3n mental, energ\u00eda f\u00edsica, producci\u00f3n de \u00f3xido n\u00edtrico o una recuperaci\u00f3n m\u00e1s r\u00e1pida.<\/p>\n<p>Incluye:<\/p>\n<p>5 g de amino\u00e1cidos micronizados en su forma libre.<br \/>\nBeta alanina.<br \/>\nExtracto de t\u00e9 verde (100 mg de cafe\u00edna de t\u00e9 verde).<br \/>\nExtracto de caf\u00e9 verde.<br \/>\n10 calor\u00edas por dosis.<br \/>\n0 grasas y az\u00facares.<br \/>\nPrincipales beneficios de ESSENTIAL AMINO ENERGY\u2122<\/p>\n<p>Ayuda en el transporte de los amino\u00e1cidos esenciales.<br \/>\nFavorece la producci\u00f3n de \u00f3xido n\u00edtrico.<br \/>\nAcelera la recuperaci\u00f3n muscular.<br \/>\nMejora la energ\u00eda y la concentraci\u00f3n.<\/p>\n<p><strong>Registro Invima:\u00a0<\/strong>RSA-0032945-2024<\/p>\n","protected":false},"excerpt":{"rendered":"<p>Combinaci\u00f3n amino\u00e1cidos esenciales para ofrecer energ\u00eda sostenida, apoyar la s\u00edntesis prote\u00ednica y r\u00e1pida recuperaci\u00f3n. Elige tu sabor favorito.<\/p>\n","protected":false},"featured_media":14787,"comment_status":"open","ping_status":"closed","template":"","meta":{"inline_featured_image":false},"product_brand":[],"product_cat":[93,86,90],"product_tag":[],"class_list":{"0":"post-12895","1":"product","2":"type-product","3":"status-publish","4":"has-post-thumbnail","6":"product_cat-aminoacidos","7":"product_cat-marca","8":"product_cat-on","10":"first","11":"instock","12":"taxable","13":"shipping-taxable","14":"purchasable","15":"product-type-simple","16":"ebbe-col"},"_links":{"self":[{"href":"https:\/\/nutrifitmax.co\/index.php\/wp-json\/wp\/v2\/product\/12895","targetHints":{"allow":["GET"]}}],"collection":[{"href":"https:\/\/nutrifitmax.co\/index.php\/wp-json\/wp\/v2\/product"}],"about":[{"href":"https:\/\/nutrifitmax.co\/index.php\/wp-json\/wp\/v2\/types\/product"}],"replies":[{"embeddable":true,"href":"https:\/\/nutrifitmax.co\/index.php\/wp-json\/wp\/v2\/comments?post=12895"}],"wp:featuredmedia":[{"embeddable":true,"href":"https:\/\/nutrifitmax.co\/index.php\/wp-json\/wp\/v2\/media\/14787"}],"wp:attachment":[{"href":"https:\/\/nutrifitmax.co\/index.php\/wp-json\/wp\/v2\/media?parent=12895"}],"wp:term":[{"taxonomy":"product_brand","embeddable":true,"href":"https:\/\/nutrifitmax.co\/index.php\/wp-json\/wp\/v2\/product_brand?post=12895"},{"taxonomy":"product_cat","embeddable":true,"href":"https:\/\/nutrifitmax.co\/index.php\/wp-json\/wp\/v2\/product_cat?post=12895"},{"taxonomy":"product_tag","embeddable":true,"href":"https:\/\/nutrifitmax.co\/index.php\/wp-json\/wp\/v2\/product_tag?post=12895"}],"curies":[{"name":"wp","href":"https:\/\/api.w.org\/{rel}","templated":true}]}}