{"id":12809,"date":"2025-04-07T19:48:33","date_gmt":"2025-04-07T19:48:33","guid":{"rendered":"https:\/\/nutrifitmax.co\/?post_type=product&#038;p=12809"},"modified":"2026-02-23T20:40:21","modified_gmt":"2026-02-23T20:40:21","slug":"iso-clean-nutramerican-2-libras","status":"publish","type":"product","link":"https:\/\/nutrifitmax.co\/index.php\/product\/iso-clean-nutramerican-2-libras\/","title":{"rendered":"ISO CLEAN NUTRAMERICAN 2 LBS"},"content":{"rendered":"<h4><img decoding=\"async\" src=\"https:\/\/nutrifitmax.co\/wp-content\/uploads\/2021\/02\/2-LBSISO-CLEAN-150x150.jpg\" \/>ISO CLEAN NUTRAMERICAN 2 LIBRAS<\/h4>\n<h4 style=\"text-align: justify; line-height: 16.5pt; background: white;\"><span style=\"font-family: 'Arial',sans-serif; color: black;\">Es la \u00faltima tecnolog\u00eda en prote\u00ednas aisladas de suero adicionada con Hidroximetilbutirato de Calcio (caHMB) y \u00c1cido Linoleico Conjugado (CLA), ideal para personas y atletas con altos requerimientos de prote\u00ednas y amino\u00e1cidos de la m\u00e1s alta calidad.<\/span><\/h4>\n<h4 style=\"text-align: justify; line-height: 16.5pt; background: white;\"><b><span style=\"font-family: 'Arial',sans-serif; color: black;\">\u00bfQui\u00e9n debe tomar Iso Clean?<\/span><\/b><\/h4>\n<h4 style=\"text-align: justify; line-height: 16.5pt; background: white; margin: 1.5rem;\"><span style=\"font-family: 'Arial',sans-serif; color: black;\">Iso Clean es ideal para personas que quieran cumplir sus objetivos en menor tiempo y con mayor facilidad, optimizando los resultados de tu entrenamiento y\/o plan nutricional.<\/span><\/h4>\n<h4 style=\"text-align: justify; line-height: 18.0pt; background: white; margin: 1.5rem; font-size: 1.1875rem;\"><b><span style=\"font-family: 'Arial',sans-serif; color: black;\">Ingredientes<\/span><\/b><\/h4>\n<h4 style=\"text-align: justify; line-height: 16.5pt; background: white; margin: 1.5rem;\"><span style=\"font-family: 'Arial',sans-serif; color: black;\">El caHMB es un metabolito de la Leucina de gran importancia para deportistas dado que juega un rol muy importante en el metabolismo proteico del cuerpo, fomentando la s\u00edntesis proteica y disminuyendo el catabolismo muscular.<\/span><\/h4>\n<h4 style=\"text-align: justify; line-height: 16.5pt; background: white; margin: 1.5rem;\"><span style=\"font-family: 'Arial',sans-serif; color: black;\">La prote\u00edna contenida en Iso Clean posee un valor biol\u00f3gico (VB) superior debido a la gran concentraci\u00f3n de amino\u00e1cidos esenciales en la prote\u00edna de suero; (El valor biol\u00f3gico es la cantidad de prote\u00edna absorbida que es retenida como tejidos corporales).<\/span><\/h4>\n<p>&nbsp;<\/p>\n<p><strong>REGISTRO INVIMA RSA-004008-2017\u00a0<\/strong><\/p>\n","protected":false},"excerpt":{"rendered":"<p><img decoding=\"async\" src=\"https:\/\/nutrifitmax.co\/wp-content\/uploads\/2021\/02\/2-LBSISO-CLEAN-150x150.jpg\" \/>ISO CLEAN NUTRAMERICAN 2 LIBRAS<\/p>\n","protected":false},"featured_media":12877,"comment_status":"open","ping_status":"closed","template":"","meta":{"inline_featured_image":false},"product_brand":[],"product_cat":[85,86,100,88,89],"product_tag":[],"class_list":{"0":"post-12809","1":"product","2":"type-product","3":"status-publish","4":"has-post-thumbnail","6":"product_cat-definicion","7":"product_cat-marca","8":"product_cat-nutramerican","9":"product_cat-proteinas","10":"product_cat-proteinas-hipocaloricas","12":"first","13":"instock","14":"sale","15":"taxable","16":"shipping-taxable","17":"purchasable","18":"product-type-simple","19":"ebbe-col"},"_links":{"self":[{"href":"https:\/\/nutrifitmax.co\/index.php\/wp-json\/wp\/v2\/product\/12809","targetHints":{"allow":["GET"]}}],"collection":[{"href":"https:\/\/nutrifitmax.co\/index.php\/wp-json\/wp\/v2\/product"}],"about":[{"href":"https:\/\/nutrifitmax.co\/index.php\/wp-json\/wp\/v2\/types\/product"}],"replies":[{"embeddable":true,"href":"https:\/\/nutrifitmax.co\/index.php\/wp-json\/wp\/v2\/comments?post=12809"}],"wp:featuredmedia":[{"embeddable":true,"href":"https:\/\/nutrifitmax.co\/index.php\/wp-json\/wp\/v2\/media\/12877"}],"wp:attachment":[{"href":"https:\/\/nutrifitmax.co\/index.php\/wp-json\/wp\/v2\/media?parent=12809"}],"wp:term":[{"taxonomy":"product_brand","embeddable":true,"href":"https:\/\/nutrifitmax.co\/index.php\/wp-json\/wp\/v2\/product_brand?post=12809"},{"taxonomy":"product_cat","embeddable":true,"href":"https:\/\/nutrifitmax.co\/index.php\/wp-json\/wp\/v2\/product_cat?post=12809"},{"taxonomy":"product_tag","embeddable":true,"href":"https:\/\/nutrifitmax.co\/index.php\/wp-json\/wp\/v2\/product_tag?post=12809"}],"curies":[{"name":"wp","href":"https:\/\/api.w.org\/{rel}","templated":true}]}}